Last updated on 2024-08-07 00:49:22 CEST.
Flavor | Version | Tinstall | Tcheck | Ttotal | Status | Flags |
---|---|---|---|---|---|---|
r-devel-linux-x86_64-debian-clang | 1.1.2 | 75.93 | 290.82 | 366.75 | NOTE | |
r-devel-linux-x86_64-debian-gcc | 1.1.2 | 50.32 | 198.48 | 248.80 | NOTE | |
r-devel-linux-x86_64-fedora-clang | 1.1.2 | 654.45 | NOTE | |||
r-devel-linux-x86_64-fedora-gcc | 1.1.2 | 593.85 | NOTE | |||
r-devel-windows-x86_64 | 1.1.2 | 64.00 | 274.00 | 338.00 | NOTE | |
r-patched-linux-x86_64 | 1.1.2 | 69.02 | 276.45 | 345.47 | NOTE | |
r-release-linux-x86_64 | 1.1.2 | 67.56 | 281.21 | 348.77 | NOTE | |
r-release-macos-arm64 | 1.1.2 | 161.00 | NOTE | |||
r-release-macos-x86_64 | 1.1.2 | 348.00 | NOTE | |||
r-release-windows-x86_64 | 1.1.2 | 62.00 | 272.00 | 334.00 | NOTE | |
r-oldrel-macos-arm64 | 1.1.2 | 1606.00 | ERROR | |||
r-oldrel-macos-x86_64 | 1.1.2 | 1803.00 | NOTE | |||
r-oldrel-windows-x86_64 | 1.1.2 | 86.00 | 354.00 | 440.00 | NOTE |
Version: 1.1.2
Check: package dependencies
Result: NOTE
Package suggested but not available for checking: ‘cmdstanr’
Flavors: r-devel-linux-x86_64-debian-clang, r-devel-linux-x86_64-debian-gcc, r-devel-linux-x86_64-fedora-clang, r-devel-linux-x86_64-fedora-gcc, r-devel-windows-x86_64, r-patched-linux-x86_64, r-release-linux-x86_64, r-release-macos-arm64, r-release-macos-x86_64, r-release-windows-x86_64, r-oldrel-macos-arm64, r-oldrel-macos-x86_64, r-oldrel-windows-x86_64
Version: 1.1.2
Check: Rd cross-references
Result: NOTE
Package unavailable to check Rd xrefs: ‘cmdstanr’
Flavors: r-devel-linux-x86_64-debian-clang, r-devel-linux-x86_64-debian-gcc, r-devel-linux-x86_64-fedora-clang, r-devel-linux-x86_64-fedora-gcc, r-devel-windows-x86_64, r-patched-linux-x86_64, r-release-linux-x86_64, r-release-macos-arm64, r-release-macos-x86_64, r-release-windows-x86_64, r-oldrel-macos-arm64, r-oldrel-macos-x86_64, r-oldrel-windows-x86_64
Version: 1.1.2
Check: installed package size
Result: NOTE
installed size is 5.4Mb
sub-directories of 1Mb or more:
R 1.8Mb
doc 2.4Mb
Flavors: r-devel-linux-x86_64-fedora-clang, r-devel-windows-x86_64, r-release-macos-arm64, r-release-macos-x86_64, r-release-windows-x86_64, r-oldrel-macos-arm64, r-oldrel-macos-x86_64, r-oldrel-windows-x86_64
Version: 1.1.2
Check: running R code from vignettes
Result: ERROR
Errors in running code in vignettes:
when running code in ‘data_in_mvgam.Rmd’
...
Number of Fisher Scoring iterations: 5
> summary(gam(y ~ series + s(time, by = series), data = simdat$data_train,
+ family = poisson()))
When sourcing ‘data_in_mvgam.R’:
Error: could not find function "gam"
Execution halted
when running code in ‘nmixtures.Rmd’
...
> plot(mod, type = "smooths", trend_effects = TRUE)
> plot_predictions(mod, condition = "species", type = "detection") +
+ ylab("Pr(detection)") + ylim(c(0, 1)) + theme_classic() +
+ theme(leg .... [TRUNCATED]
When sourcing ‘nmixtures.R’:
Error: could not find function "plot_predictions"
Execution halted
‘data_in_mvgam.Rmd’ using ‘UTF-8’... failed
‘forecast_evaluation.Rmd’ using ‘UTF-8’... [204s/238s] OK
‘mvgam_overview.Rmd’ using ‘UTF-8’... [235s/305s] OK
‘nmixtures.Rmd’ using ‘UTF-8’... failed
‘shared_states.Rmd’ using ‘UTF-8’... [162s/119s] OK
‘time_varying_effects.Rmd’ using ‘UTF-8’... [302s/266s] OK
‘trend_formulas.Rmd’ using ‘UTF-8’... [987s/410s] OK
Flavor: r-oldrel-macos-arm64