Last updated on 2024-08-08 08:49:21 CEST.
Flavor | Version | Tinstall | Tcheck | Ttotal | Status | Flags |
---|---|---|---|---|---|---|
r-devel-linux-x86_64-debian-clang | 2.1.1 | 5.05 | 39.53 | 44.58 | NOTE | |
r-devel-linux-x86_64-debian-gcc | 2.1.1 | 3.23 | 28.40 | 31.63 | NOTE | |
r-devel-linux-x86_64-fedora-clang | 2.1.1 | 73.35 | NOTE | |||
r-devel-linux-x86_64-fedora-gcc | 2.1.1 | 68.54 | NOTE | |||
r-devel-windows-x86_64 | 2.1.1 | 6.00 | 63.00 | 69.00 | NOTE | |
r-patched-linux-x86_64 | 2.1.1 | 5.82 | 38.07 | 43.89 | NOTE | |
r-release-linux-x86_64 | 2.1.1 | 4.70 | 38.01 | 42.71 | NOTE | |
r-release-macos-arm64 | 2.1.1 | 24.00 | NOTE | |||
r-release-macos-x86_64 | 2.1.1 | 46.00 | NOTE | |||
r-release-windows-x86_64 | 2.1.1 | 6.00 | 63.00 | 69.00 | NOTE | |
r-oldrel-macos-arm64 | 2.1.1 | 27.00 | NOTE | |||
r-oldrel-macos-x86_64 | 2.1.1 | 37.00 | NOTE | |||
r-oldrel-windows-x86_64 | 2.1.1 | 6.00 | 71.00 | 77.00 | NOTE |
Version: 2.1.1
Check: Rd files
Result: NOTE
checkRd: (-1) pkb.Rd:14: Escaped LaTeX specials: \# \# \#
Flavors: r-devel-linux-x86_64-debian-clang, r-devel-linux-x86_64-debian-gcc, r-devel-linux-x86_64-fedora-clang, r-devel-linux-x86_64-fedora-gcc, r-devel-windows-x86_64, r-patched-linux-x86_64, r-release-linux-x86_64, r-release-macos-arm64, r-release-macos-x86_64, r-release-windows-x86_64, r-oldrel-macos-arm64, r-oldrel-macos-x86_64, r-oldrel-windows-x86_64