Last updated on 2024-08-07 00:49:22 CEST.
Flavor | Version | Tinstall | Tcheck | Ttotal | Status | Flags |
---|---|---|---|---|---|---|
r-devel-linux-x86_64-debian-clang | 1.0.0 | 5.66 | 43.20 | 48.86 | OK | |
r-devel-linux-x86_64-debian-gcc | 1.0.0 | 3.98 | 31.72 | 35.70 | OK | |
r-devel-linux-x86_64-fedora-clang | 1.0.0 | 85.53 | NOTE | |||
r-devel-linux-x86_64-fedora-gcc | 1.0.0 | 89.12 | NOTE | |||
r-devel-windows-x86_64 | 1.0.0 | 7.00 | 67.00 | 74.00 | OK | |
r-patched-linux-x86_64 | 1.0.0 | 5.12 | 41.76 | 46.88 | OK | |
r-release-linux-x86_64 | 1.0.0 | 5.08 | 41.72 | 46.80 | OK | |
r-release-macos-arm64 | 1.0.0 | 30.00 | OK | |||
r-release-macos-x86_64 | 1.0.0 | 76.00 | OK | |||
r-release-windows-x86_64 | 1.0.0 | 9.00 | 68.00 | 77.00 | OK | |
r-oldrel-macos-arm64 | 1.0.0 | 39.00 | OK | |||
r-oldrel-macos-x86_64 | 1.0.0 | 87.00 | OK | |||
r-oldrel-windows-x86_64 | 1.0.0 | 7.00 | 72.00 | 79.00 | OK |
Version: 1.0.0
Check: data for non-ASCII characters
Result: NOTE
Note: found 2438 marked UTF-8 strings
Flavors: r-devel-linux-x86_64-fedora-clang, r-devel-linux-x86_64-fedora-gcc