Last updated on 2024-08-07 00:49:22 CEST.
Flavor | Version | Tinstall | Tcheck | Ttotal | Status | Flags |
---|---|---|---|---|---|---|
r-devel-linux-x86_64-debian-clang | 2.0.0 | 16.95 | 196.81 | 213.76 | NOTE | |
r-devel-linux-x86_64-debian-gcc | 2.0.0 | 9.06 | 141.25 | 150.31 | NOTE | |
r-devel-linux-x86_64-fedora-clang | 2.0.0 | 363.34 | NOTE | |||
r-devel-linux-x86_64-fedora-gcc | 2.0.0 | 338.99 | NOTE | |||
r-devel-windows-x86_64 | 2.0.0 | 15.00 | 191.00 | 206.00 | NOTE | |
r-patched-linux-x86_64 | 2.0.0 | 13.05 | 186.51 | 199.56 | NOTE | |
r-release-linux-x86_64 | 2.0.0 | 13.81 | 189.01 | 202.82 | NOTE | |
r-release-macos-arm64 | 2.0.0 | 103.00 | NOTE | |||
r-release-macos-x86_64 | 2.0.0 | 154.00 | NOTE | |||
r-release-windows-x86_64 | 2.0.0 | 15.00 | 186.00 | 201.00 | NOTE | |
r-oldrel-macos-arm64 | 2.0.0 | 108.00 | NOTE | |||
r-oldrel-macos-x86_64 | 2.0.0 | 180.00 | NOTE | |||
r-oldrel-windows-x86_64 | 2.0.0 | 23.00 | 235.00 | 258.00 | NOTE |
Version: 2.0.0
Check: package dependencies
Result: NOTE
Package suggested but not available for checking: ‘gurobi’
Flavors: r-devel-linux-x86_64-debian-clang, r-devel-linux-x86_64-debian-gcc, r-devel-linux-x86_64-fedora-clang, r-devel-linux-x86_64-fedora-gcc, r-devel-windows-x86_64, r-patched-linux-x86_64, r-release-linux-x86_64, r-release-macos-arm64, r-release-macos-x86_64, r-release-windows-x86_64, r-oldrel-macos-arm64, r-oldrel-macos-x86_64, r-oldrel-windows-x86_64