Last updated on 2024-08-07 00:49:22 CEST.
Flavor | Version | Tinstall | Tcheck | Ttotal | Status | Flags |
---|---|---|---|---|---|---|
r-devel-linux-x86_64-debian-clang | 0.0.1 | 66.14 | 155.02 | 221.16 | NOTE | |
r-devel-linux-x86_64-debian-gcc | 0.0.1 | 42.69 | 112.51 | 155.20 | NOTE | |
r-devel-linux-x86_64-fedora-clang | 0.0.1 | 378.28 | NOTE | |||
r-devel-linux-x86_64-fedora-gcc | 0.0.1 | 382.35 | NOTE | |||
r-devel-windows-x86_64 | 0.0.1 | 63.00 | 184.00 | 247.00 | NOTE | |
r-patched-linux-x86_64 | 0.0.1 | 60.94 | 151.53 | 212.47 | NOTE | |
r-release-linux-x86_64 | 0.0.1 | 57.21 | 155.02 | 212.23 | NOTE | |
r-release-macos-arm64 | 0.0.1 | 107.00 | NOTE | |||
r-release-macos-x86_64 | 0.0.1 | 146.00 | NOTE | |||
r-release-windows-x86_64 | 0.0.1 | 65.00 | 194.00 | 259.00 | NOTE | |
r-oldrel-macos-arm64 | 0.0.1 | 98.00 | NOTE | |||
r-oldrel-macos-x86_64 | 0.0.1 | 204.00 | NOTE | |||
r-oldrel-windows-x86_64 | 0.0.1 | 82.00 | 225.00 | 307.00 | NOTE |
Version: 0.0.1
Check: for GNU extensions in Makefiles
Result: NOTE
GNU make is a SystemRequirements.
Flavors: r-devel-linux-x86_64-debian-clang, r-devel-linux-x86_64-debian-gcc, r-devel-linux-x86_64-fedora-clang, r-devel-linux-x86_64-fedora-gcc, r-devel-windows-x86_64, r-patched-linux-x86_64, r-release-linux-x86_64, r-release-macos-arm64, r-release-macos-x86_64, r-release-windows-x86_64, r-oldrel-macos-arm64, r-oldrel-macos-x86_64, r-oldrel-windows-x86_64
Version: 0.0.1
Check: installed package size
Result: NOTE
installed size is 9.0Mb
sub-directories of 1Mb or more:
data 1.5Mb
doc 6.5Mb
Flavors: r-devel-linux-x86_64-fedora-clang, r-devel-windows-x86_64, r-release-macos-arm64, r-release-macos-x86_64, r-release-windows-x86_64, r-oldrel-macos-arm64, r-oldrel-macos-x86_64, r-oldrel-windows-x86_64