Last updated on 2024-08-07 00:49:22 CEST.
Flavor | Version | Tinstall | Tcheck | Ttotal | Status | Flags |
---|---|---|---|---|---|---|
r-devel-linux-x86_64-debian-clang | 2.1.7 | 6.35 | 318.95 | 325.30 | OK | |
r-devel-linux-x86_64-debian-gcc | 2.1.7 | 3.81 | 203.32 | 207.13 | OK | |
r-devel-linux-x86_64-fedora-clang | 2.1.7 | 531.33 | NOTE | |||
r-devel-linux-x86_64-fedora-gcc | 2.1.7 | 520.98 | NOTE | |||
r-devel-windows-x86_64 | 2.1.7 | 7.00 | 292.00 | 299.00 | OK | |
r-patched-linux-x86_64 | 2.1.7 | 7.73 | 302.55 | 310.28 | OK | |
r-release-linux-x86_64 | 2.1.7 | 6.51 | 306.64 | 313.15 | OK | |
r-release-macos-arm64 | 2.1.7 | 144.00 | OK | |||
r-release-macos-x86_64 | 2.1.7 | 331.00 | OK | |||
r-release-windows-x86_64 | 2.1.7 | 8.00 | 293.00 | 301.00 | OK | |
r-oldrel-macos-arm64 | 2.1.7 | 213.00 | OK | |||
r-oldrel-macos-x86_64 | 2.1.7 | 527.00 | OK | |||
r-oldrel-windows-x86_64 | 2.1.7 | 10.00 | 380.00 | 390.00 | OK |
Version: 2.1.7
Check: dependencies in R code
Result: NOTE
Namespaces in Imports field not imported from:
‘ggfortify’ ‘ggplot2’ ‘ggraph’ ‘reshape2’
All declared Imports should be used.
Flavors: r-devel-linux-x86_64-fedora-clang, r-devel-linux-x86_64-fedora-gcc