Last updated on 2024-08-07 00:49:22 CEST.
Flavor | Version | Tinstall | Tcheck | Ttotal | Status | Flags |
---|---|---|---|---|---|---|
r-devel-linux-x86_64-debian-clang | 0.1 | 25.56 | 56.90 | 82.46 | NOTE | |
r-devel-linux-x86_64-debian-gcc | 0.1 | 17.37 | 40.69 | 58.06 | NOTE | |
r-devel-linux-x86_64-fedora-clang | 0.1 | 141.00 | NOTE | |||
r-devel-linux-x86_64-fedora-gcc | 0.1 | 136.77 | NOTE | |||
r-devel-windows-x86_64 | 0.1 | 28.00 | 85.00 | 113.00 | NOTE | |
r-patched-linux-x86_64 | 0.1 | 21.90 | 53.44 | 75.34 | NOTE | |
r-release-linux-x86_64 | 0.1 | 22.80 | 53.89 | 76.69 | NOTE | |
r-release-macos-arm64 | 0.1 | 38.00 | NOTE | |||
r-release-macos-x86_64 | 0.1 | 69.00 | NOTE | |||
r-release-windows-x86_64 | 0.1 | 29.00 | 89.00 | 118.00 | NOTE | |
r-oldrel-macos-arm64 | 0.1 | 47.00 | NOTE | |||
r-oldrel-macos-x86_64 | 0.1 | 71.00 | NOTE | |||
r-oldrel-windows-x86_64 | 0.1 | 33.00 | 105.00 | 138.00 | NOTE |
Version: 0.1
Check: C++ specification
Result: NOTE
Specified C++11: please drop specification unless essential
Flavors: r-devel-linux-x86_64-debian-clang, r-devel-linux-x86_64-debian-gcc, r-devel-linux-x86_64-fedora-clang, r-devel-linux-x86_64-fedora-gcc, r-devel-windows-x86_64, r-patched-linux-x86_64, r-release-linux-x86_64, r-release-macos-arm64, r-release-macos-x86_64, r-release-windows-x86_64, r-oldrel-macos-arm64, r-oldrel-macos-x86_64, r-oldrel-windows-x86_64