Last updated on 2024-08-07 00:49:22 CEST.
Flavor | Version | Tinstall | Tcheck | Ttotal | Status | Flags |
---|---|---|---|---|---|---|
r-devel-linux-x86_64-debian-clang | 1.0.2 | 1.53 | 22.03 | 23.56 | NOTE | |
r-devel-linux-x86_64-debian-gcc | 1.0.2 | 1.41 | 17.80 | 19.21 | NOTE | |
r-devel-linux-x86_64-fedora-clang | 1.0.2 | 42.28 | NOTE | |||
r-devel-linux-x86_64-fedora-gcc | 1.0.2 | 52.94 | NOTE | |||
r-patched-linux-x86_64 | 1.0.2 | 1.72 | 21.52 | 23.24 | NOTE | |
r-release-linux-x86_64 | 1.0.2 | 1.88 | 21.46 | 23.34 | NOTE | |
r-release-macos-arm64 | 1.0.2 | 23.00 | NOTE | |||
r-release-macos-x86_64 | 1.0.2 | 36.00 | NOTE | |||
r-oldrel-macos-arm64 | 1.0.2 | 23.00 | NOTE | |||
r-oldrel-macos-x86_64 | 1.0.2 | 32.00 | NOTE |
Version: 1.0.2
Check: package dependencies
Result: NOTE
Packages suggested but not available for checking:
'ANTsR', 'ITKR', 'extrantsr', 'MNITemplate', 'RAVEL', 'neurodata'
Flavors: r-devel-linux-x86_64-debian-clang, r-devel-linux-x86_64-debian-gcc, r-devel-linux-x86_64-fedora-clang, r-devel-linux-x86_64-fedora-gcc, r-patched-linux-x86_64, r-release-linux-x86_64, r-release-macos-arm64, r-release-macos-x86_64, r-oldrel-macos-arm64, r-oldrel-macos-x86_64
Version: 1.0.2
Check: dependencies in R code
Result: NOTE
Namespace in Imports field not imported from: ‘knitr’
All declared Imports should be used.
Flavors: r-devel-linux-x86_64-fedora-clang, r-devel-linux-x86_64-fedora-gcc