Last updated on 2024-08-07 00:49:22 CEST.
Flavor | Version | Tinstall | Tcheck | Ttotal | Status | Flags |
---|---|---|---|---|---|---|
r-devel-linux-x86_64-debian-clang | 1.3.1 | 7.77 | 54.53 | 62.30 | NOTE | |
r-devel-linux-x86_64-debian-gcc | 1.3.1 | 5.48 | 40.26 | 45.74 | NOTE | |
r-devel-linux-x86_64-fedora-clang | 1.3.1 | 106.21 | OK | |||
r-devel-linux-x86_64-fedora-gcc | 1.3.1 | 93.50 | OK | |||
r-devel-windows-x86_64 | 1.3.1 | 10.00 | 75.00 | 85.00 | NOTE | |
r-patched-linux-x86_64 | 1.3.1 | 12.36 | 52.40 | 64.76 | OK | |
r-release-linux-x86_64 | 1.3.1 | 7.38 | 52.19 | 59.57 | OK | |
r-release-macos-arm64 | 1.3.1 | 34.00 | OK | |||
r-release-macos-x86_64 | 1.3.1 | 84.00 | OK | |||
r-release-windows-x86_64 | 1.3.1 | 10.00 | 74.00 | 84.00 | OK | |
r-oldrel-macos-arm64 | 1.3.1 | 37.00 | OK | |||
r-oldrel-macos-x86_64 | 1.3.1 | 78.00 | OK | |||
r-oldrel-windows-x86_64 | 1.3.1 | 11.00 | 85.00 | 96.00 | OK |
Version: 1.3.1
Check: Rd cross-references
Result: NOTE
Found the following Rd file(s) with Rd \link{} targets missing package
anchors:
geom_lines.Rd: geom_hline, geom_vline
scale_axes_nfl.Rd: theme
Please provide package anchors for all Rd \link{} targets not in the
package itself and the base packages.
Flavors: r-devel-linux-x86_64-debian-clang, r-devel-linux-x86_64-debian-gcc, r-devel-windows-x86_64