Last updated on 2024-08-07 00:49:22 CEST.
Flavor | Version | Tinstall | Tcheck | Ttotal | Status | Flags |
---|---|---|---|---|---|---|
r-devel-linux-x86_64-debian-clang | 1.0.6 | 10.05 | 155.15 | 165.20 | NOTE | |
r-devel-linux-x86_64-debian-gcc | 1.0.6 | 8.58 | 116.29 | 124.87 | NOTE | |
r-devel-linux-x86_64-fedora-clang | 1.0.6 | 295.69 | OK | |||
r-devel-linux-x86_64-fedora-gcc | 1.0.6 | 295.27 | OK | |||
r-devel-windows-x86_64 | 1.0.6 | 12.00 | 215.00 | 227.00 | NOTE | |
r-patched-linux-x86_64 | 1.0.6 | 15.43 | 149.19 | 164.62 | OK | |
r-release-linux-x86_64 | 1.0.6 | 11.14 | 149.21 | 160.35 | OK | |
r-release-macos-arm64 | 1.0.6 | 74.00 | OK | |||
r-release-macos-x86_64 | 1.0.6 | 114.00 | OK | |||
r-release-windows-x86_64 | 1.0.6 | 13.00 | 216.00 | 229.00 | OK | |
r-oldrel-macos-arm64 | 1.0.6 | 79.00 | OK | |||
r-oldrel-macos-x86_64 | 1.0.6 | 179.00 | OK | |||
r-oldrel-windows-x86_64 | 1.0.6 | 15.00 | 199.00 | 214.00 | OK |
Version: 1.0.6
Check: Rd cross-references
Result: NOTE
Found the following Rd file(s) with Rd \link{} targets missing package
anchors:
samplers.Rd: configureMCMC, addSampler, buildMCMC, runMCMC
Please provide package anchors for all Rd \link{} targets not in the
package itself and the base packages.
Flavors: r-devel-linux-x86_64-debian-clang, r-devel-linux-x86_64-debian-gcc, r-devel-windows-x86_64