Last updated on 2024-08-07 00:49:22 CEST.
Flavor | Version | Tinstall | Tcheck | Ttotal | Status | Flags |
---|---|---|---|---|---|---|
r-devel-linux-x86_64-debian-clang | 0.4.8 | 5.81 | 55.20 | 61.01 | OK | |
r-devel-linux-x86_64-debian-gcc | 0.4.8 | 4.70 | 41.08 | 45.78 | OK | |
r-devel-linux-x86_64-fedora-clang | 0.4.8 | 98.72 | NOTE | |||
r-devel-linux-x86_64-fedora-gcc | 0.4.8 | 107.64 | OK | |||
r-devel-windows-x86_64 | 0.4.8 | 9.00 | 98.00 | 107.00 | OK | |
r-patched-linux-x86_64 | 0.4.8 | 6.23 | 52.62 | 58.85 | OK | |
r-release-linux-x86_64 | 0.4.8 | 6.33 | 52.52 | 58.85 | OK | |
r-release-macos-arm64 | 0.4.8 | 41.00 | OK | |||
r-release-macos-x86_64 | 0.4.8 | 60.00 | OK | |||
r-release-windows-x86_64 | 0.4.8 | 11.00 | 99.00 | 110.00 | OK | |
r-oldrel-macos-arm64 | 0.4.8 | 43.00 | OK | |||
r-oldrel-macos-x86_64 | 0.4.8 | 76.00 | OK | |||
r-oldrel-windows-x86_64 | 0.4.8 | 12.00 | 98.00 | 110.00 | OK |
Version: 0.4.8
Check: Rd cross-references
Result: NOTE
Undeclared package ‘sfheaders’ in Rd xrefs
Flavor: r-devel-linux-x86_64-fedora-clang