Last updated on 2024-08-07 00:49:22 CEST.
Flavor | Version | Tinstall | Tcheck | Ttotal | Status | Flags |
---|---|---|---|---|---|---|
r-devel-linux-x86_64-debian-clang | 0.8.0 | 23.76 | 68.06 | 91.82 | OK | |
r-devel-linux-x86_64-debian-gcc | 0.8.0 | 14.41 | 44.41 | 58.82 | OK | |
r-devel-linux-x86_64-fedora-clang | 0.8.0 | 157.94 | OK | |||
r-devel-linux-x86_64-fedora-gcc | 0.8.0 | 140.79 | OK | |||
r-devel-windows-x86_64 | 0.8.0 | 26.00 | 104.00 | 130.00 | OK | |
r-patched-linux-x86_64 | 0.8.0 | 23.32 | 63.70 | 87.02 | OK | |
r-release-linux-x86_64 | 0.8.0 | 22.73 | 64.57 | 87.30 | OK | |
r-release-macos-arm64 | 0.8.0 | 38.00 | NOTE | |||
r-release-macos-x86_64 | 0.8.0 | 57.00 | NOTE | |||
r-release-windows-x86_64 | 0.8.0 | 26.00 | 101.00 | 127.00 | OK | |
r-oldrel-macos-arm64 | 0.8.0 | 41.00 | NOTE | |||
r-oldrel-macos-x86_64 | 0.8.0 | 70.00 | NOTE | |||
r-oldrel-windows-x86_64 | 0.8.0 | 28.00 | 117.00 | 145.00 | OK |
Version: 0.8.0
Check: package dependencies
Result: NOTE
Package suggested but not available for checking: ‘Rmpi’
Flavors: r-release-macos-arm64, r-release-macos-x86_64, r-oldrel-macos-arm64, r-oldrel-macos-x86_64