Last updated on 2024-08-07 00:49:22 CEST.
Flavor | Version | Tinstall | Tcheck | Ttotal | Status | Flags |
---|---|---|---|---|---|---|
r-devel-linux-x86_64-debian-clang | 1.0.1 | 23.05 | 37.29 | 60.34 | OK | |
r-devel-linux-x86_64-debian-gcc | 1.0.1 | 15.62 | 28.08 | 43.70 | OK | |
r-devel-linux-x86_64-fedora-clang | 1.0.1 | 110.32 | NOTE | |||
r-devel-linux-x86_64-fedora-gcc | 1.0.1 | 121.73 | NOTE | |||
r-devel-windows-x86_64 | 1.0.1 | 29.00 | 74.00 | 103.00 | OK | |
r-patched-linux-x86_64 | 1.0.1 | 22.39 | 36.00 | 58.39 | OK | |
r-release-linux-x86_64 | 1.0.1 | 22.68 | 35.92 | 58.60 | OK | |
r-release-macos-arm64 | 1.0.1 | 38.00 | OK | |||
r-release-macos-x86_64 | 1.0.1 | 51.00 | OK | |||
r-release-windows-x86_64 | 1.0.1 | 27.00 | 79.00 | 106.00 | OK | |
r-oldrel-macos-arm64 | 1.0.1 | 43.00 | OK | |||
r-oldrel-macos-x86_64 | 1.0.1 | 67.00 | OK | |||
r-oldrel-windows-x86_64 | 1.0.1 | 33.00 | 84.00 | 117.00 | OK |
Version: 1.0.1
Check: dependencies in R code
Result: NOTE
Namespace in Imports field not imported from: ‘pedtools’
All declared Imports should be used.
Flavors: r-devel-linux-x86_64-fedora-clang, r-devel-linux-x86_64-fedora-gcc