Last updated on 2024-08-07 00:49:22 CEST.
Flavor | Version | Tinstall | Tcheck | Ttotal | Status | Flags |
---|---|---|---|---|---|---|
r-devel-linux-x86_64-debian-clang | 1.8-2 | 173.83 | 527.50 | 701.33 | NOTE | |
r-devel-linux-x86_64-debian-gcc | 1.8-2 | 106.07 | 331.37 | 437.44 | NOTE | |
r-devel-linux-x86_64-fedora-clang | 1.8-2 | 1242.72 | NOTE | |||
r-devel-linux-x86_64-fedora-gcc | 1.8-2 | 1156.13 | OK | |||
r-devel-windows-x86_64 | 1.8-2 | 188.00 | 658.00 | 846.00 | NOTE | |
r-patched-linux-x86_64 | 1.8-2 | 194.17 | 498.70 | 692.87 | OK | |
r-release-linux-x86_64 | 1.8-2 | 158.39 | 504.13 | 662.52 | OK | |
r-release-macos-arm64 | 1.8-2 | 267.00 | NOTE | |||
r-release-macos-x86_64 | 1.8-2 | 414.00 | NOTE | |||
r-release-windows-x86_64 | 1.8-2 | 190.00 | 654.00 | 844.00 | NOTE | |
r-oldrel-macos-arm64 | 1.8-2 | 286.00 | NOTE | |||
r-oldrel-macos-x86_64 | 1.8-2 | 699.00 | NOTE | |||
r-oldrel-windows-x86_64 | 1.8-2 | 225.00 | 806.00 | 1031.00 | NOTE |
Version: 1.8-2
Check: Rd cross-references
Result: NOTE
Found the following Rd file(s) with Rd \link{} targets missing package
anchors:
swCSTp.Rd: gsw_C_from_SP
Please provide package anchors for all Rd \link{} targets not in the
package itself and the base packages.
Flavors: r-devel-linux-x86_64-debian-clang, r-devel-linux-x86_64-debian-gcc, r-devel-windows-x86_64
Version: 1.8-2
Check: installed package size
Result: NOTE
installed size is 9.8Mb
sub-directories of 1Mb or more:
R 2.7Mb
data 1.0Mb
doc 1.7Mb
help 3.2Mb
Flavors: r-devel-linux-x86_64-fedora-clang, r-devel-windows-x86_64, r-release-macos-arm64, r-release-macos-x86_64, r-release-windows-x86_64, r-oldrel-macos-arm64, r-oldrel-macos-x86_64, r-oldrel-windows-x86_64