Last updated on 2024-08-07 00:49:22 CEST.
Flavor | Version | Tinstall | Tcheck | Ttotal | Status | Flags |
---|---|---|---|---|---|---|
r-devel-linux-x86_64-debian-clang | 1.8.5 | 40.74 | 212.44 | 253.18 | OK | |
r-devel-linux-x86_64-debian-gcc | 1.8.5 | 26.49 | 140.63 | 167.12 | OK | |
r-devel-linux-x86_64-fedora-clang | 1.8.5 | 428.90 | NOTE | |||
r-devel-linux-x86_64-fedora-gcc | 1.8.5 | 401.46 | OK | |||
r-devel-windows-x86_64 | 1.8.5 | 45.00 | 195.00 | 240.00 | NOTE | |
r-patched-linux-x86_64 | 1.8.5 | 40.19 | 203.01 | 243.20 | OK | |
r-release-linux-x86_64 | 1.8.5 | 40.58 | 202.55 | 243.13 | OK | |
r-release-macos-arm64 | 1.8.5 | 98.00 | NOTE | |||
r-release-macos-x86_64 | 1.8.5 | 166.00 | NOTE | |||
r-release-windows-x86_64 | 1.8.5 | 46.00 | 183.00 | 229.00 | NOTE | |
r-oldrel-macos-arm64 | 1.8.5 | 106.00 | NOTE | |||
r-oldrel-macos-x86_64 | 1.8.5 | 175.00 | NOTE | |||
r-oldrel-windows-x86_64 | 1.8.5 | 55.00 | 234.00 | 289.00 | NOTE |
Version: 1.8.5
Check: installed package size
Result: NOTE
installed size is 9.5Mb
sub-directories of 1Mb or more:
R 1.5Mb
doc 5.7Mb
extdata 1.6Mb
Flavors: r-devel-linux-x86_64-fedora-clang, r-devel-windows-x86_64, r-release-macos-arm64, r-release-macos-x86_64, r-release-windows-x86_64, r-oldrel-macos-arm64, r-oldrel-macos-x86_64, r-oldrel-windows-x86_64