Last updated on 2024-08-07 00:49:22 CEST.
Flavor | Version | Tinstall | Tcheck | Ttotal | Status | Flags |
---|---|---|---|---|---|---|
r-devel-linux-x86_64-debian-clang | 1.1 | 3.88 | 29.27 | 33.15 | NOTE | |
r-devel-linux-x86_64-debian-gcc | 1.1 | 3.13 | 22.86 | 25.99 | NOTE | |
r-devel-linux-x86_64-fedora-clang | 1.1 | 52.45 | OK | |||
r-devel-linux-x86_64-fedora-gcc | 1.1 | 49.28 | OK | |||
r-devel-windows-x86_64 | 1.1 | 5.00 | 48.00 | 53.00 | NOTE | |
r-patched-linux-x86_64 | 1.1 | 4.98 | 28.20 | 33.18 | OK | |
r-release-linux-x86_64 | 1.1 | 3.55 | 28.24 | 31.79 | OK | |
r-release-macos-arm64 | 1.1 | 20.00 | OK | |||
r-release-macos-x86_64 | 1.1 | 27.00 | OK | |||
r-release-windows-x86_64 | 1.1 | 5.00 | 48.00 | 53.00 | OK | |
r-oldrel-macos-arm64 | 1.1 | 19.00 | OK | |||
r-oldrel-macos-x86_64 | 1.1 | 29.00 | OK | |||
r-oldrel-windows-x86_64 | 1.1 | 4.00 | 52.00 | 56.00 | OK |
Version: 1.1
Check: Rd cross-references
Result: NOTE
Found the following Rd file(s) with Rd \link{} targets missing package
anchors:
bootockc.Rd: bootFlexclust, stepFlexclust
ockc.Rd: bootFlexclust, kcca
Please provide package anchors for all Rd \link{} targets not in the
package itself and the base packages.
Flavors: r-devel-linux-x86_64-debian-clang, r-devel-linux-x86_64-debian-gcc, r-devel-windows-x86_64