Last updated on 2024-08-07 00:49:22 CEST.
Flavor | Version | Tinstall | Tcheck | Ttotal | Status | Flags |
---|---|---|---|---|---|---|
r-devel-linux-x86_64-debian-clang | 2.0.12 | 308.73 | 167.80 | 476.53 | OK | |
r-devel-linux-x86_64-debian-gcc | 2.0.12 | 237.25 | 136.54 | 373.79 | OK | |
r-devel-linux-x86_64-fedora-clang | 2.0.12 | 746.73 | OK | |||
r-devel-linux-x86_64-fedora-gcc | 2.0.12 | 1011.59 | OK | |||
r-devel-windows-x86_64 | 2.0.12 | 279.00 | 254.00 | 533.00 | OK | |
r-patched-linux-x86_64 | 2.0.12 | 298.21 | 182.97 | 481.18 | OK | |
r-release-linux-x86_64 | 2.0.12 | 313.13 | 197.87 | 511.00 | OK | |
r-release-macos-arm64 | 2.0.12 | 214.00 | NOTE | |||
r-release-macos-x86_64 | 2.0.12 | 470.00 | NOTE | |||
r-release-windows-x86_64 | 2.0.12 | 229.00 | 245.00 | 474.00 | OK | |
r-oldrel-macos-arm64 | 2.0.12 | 272.00 | NOTE | |||
r-oldrel-macos-x86_64 | 2.0.12 | 409.00 | NOTE | |||
r-oldrel-windows-x86_64 | 2.0.12 | 217.00 | 244.00 | 461.00 | OK |
Version: 2.0.12
Check: installed package size
Result: NOTE
installed size is 99.1Mb
sub-directories of 1Mb or more:
libs 98.0Mb
Flavors: r-release-macos-arm64, r-release-macos-x86_64, r-oldrel-macos-arm64, r-oldrel-macos-x86_64