Last updated on 2024-08-07 00:49:22 CEST.
Flavor | Version | Tinstall | Tcheck | Ttotal | Status | Flags |
---|---|---|---|---|---|---|
r-devel-linux-x86_64-debian-clang | 0.2.3 | 6.53 | 301.23 | 307.76 | OK | |
r-devel-linux-x86_64-debian-gcc | 0.2.3 | 4.92 | 195.20 | 200.12 | OK | |
r-devel-linux-x86_64-fedora-clang | 0.2.3 | 503.09 | OK | |||
r-devel-linux-x86_64-fedora-gcc | 0.2.3 | 486.36 | OK | |||
r-devel-windows-x86_64 | 0.2.3 | 10.00 | 231.00 | 241.00 | OK | |
r-patched-linux-x86_64 | 0.2.3 | 7.89 | 288.10 | 295.99 | OK | |
r-release-linux-x86_64 | 0.2.3 | 6.28 | 284.14 | 290.42 | OK | |
r-release-macos-arm64 | 0.2.3 | 120.00 | OK | |||
r-release-macos-x86_64 | 0.2.3 | 287.00 | OK | |||
r-release-windows-x86_64 | 0.2.3 | 9.00 | 231.00 | 240.00 | OK | |
r-oldrel-macos-arm64 | 0.2.3 | 122.00 | ERROR | |||
r-oldrel-macos-x86_64 | 0.2.3 | 247.00 | ERROR | |||
r-oldrel-windows-x86_64 | 0.2.3 | 12.00 | 296.00 | 308.00 | OK |
Version: 0.2.3
Check: running R code from vignettes
Result: ERROR
Errors in running code in vignettes:
when running code in ‘a02_concept_set.Rmd’
...
> condition_codes <- list(c(201820, 4087682, 3655269))
> newCodelist(condition_codes)
When sourcing ‘a02_concept_set.R’:
Error: ! `x` must be named.
`x` must be a list with objects of class numeric, integer, and integer64; it
can not contain NA; it has to be named; it can not be NULL.
Execution halted
‘a01_cdm_reference.Rmd’ using ‘UTF-8’... [1s/1s] OK
‘a02_concept_set.Rmd’ using ‘UTF-8’... failed
‘a03_cohort_table.Rmd’ using ‘UTF-8’... [4s/4s] OK
‘a04_summarised_result.Rmd’ using ‘UTF-8’... [1s/2s] OK
‘reexport.Rmd’ using ‘UTF-8’... [0s/0s] OK
Flavor: r-oldrel-macos-arm64
Version: 0.2.3
Check: running R code from vignettes
Result: ERROR
Errors in running code in vignettes:
when running code in ‘a02_concept_set.Rmd’
...
> condition_codes <- list(c(201820, 4087682, 3655269))
> newCodelist(condition_codes)
When sourcing ‘a02_concept_set.R’:
Error: ! `x` must be named.
`x` must be a list with objects of class numeric, integer, and integer64; it
can not contain NA; it has to be named; it can not be NULL.
Execution halted
‘a01_cdm_reference.Rmd’ using ‘UTF-8’... [1s/2s] OK
‘a02_concept_set.Rmd’ using ‘UTF-8’... failed
‘a03_cohort_table.Rmd’ using ‘UTF-8’... [6s/11s] OK
‘a04_summarised_result.Rmd’ using ‘UTF-8’... [2s/4s] OK
‘reexport.Rmd’ using ‘UTF-8’... [0s/0s] OK
Flavor: r-oldrel-macos-x86_64