Last updated on 2024-08-07 00:49:23 CEST.
Flavor | Version | Tinstall | Tcheck | Ttotal | Status | Flags |
---|---|---|---|---|---|---|
r-devel-linux-x86_64-debian-clang | 0.2.0 | 1.79 | 28.19 | 29.98 | OK | |
r-devel-linux-x86_64-debian-gcc | 0.2.0 | 1.52 | 21.87 | 23.39 | OK | |
r-devel-linux-x86_64-fedora-clang | 0.2.0 | 50.46 | NOTE | |||
r-devel-linux-x86_64-fedora-gcc | 0.2.0 | 59.66 | OK | |||
r-devel-windows-x86_64 | 0.2.0 | 3.00 | 61.00 | 64.00 | OK | |
r-patched-linux-x86_64 | 0.2.0 | 1.94 | 26.87 | 28.81 | OK | |
r-release-linux-x86_64 | 0.2.0 | 1.71 | 27.19 | 28.90 | OK | |
r-release-macos-arm64 | 0.2.0 | 33.00 | OK | |||
r-release-macos-x86_64 | 0.2.0 | 44.00 | OK | |||
r-release-windows-x86_64 | 0.2.0 | 4.00 | 59.00 | 63.00 | OK | |
r-oldrel-macos-arm64 | 0.2.0 | 47.00 | OK | |||
r-oldrel-macos-x86_64 | 0.2.0 | 66.00 | OK | |||
r-oldrel-windows-x86_64 | 0.2.0 | 3.00 | 64.00 | 67.00 | OK |
Version: 0.2.0
Check: Rd cross-references
Result: NOTE
Undeclared package ‘lubridate’ in Rd xrefs
Flavor: r-devel-linux-x86_64-fedora-clang