Last updated on 2024-08-07 00:49:23 CEST.
Flavor | Version | Tinstall | Tcheck | Ttotal | Status | Flags |
---|---|---|---|---|---|---|
r-devel-linux-x86_64-debian-clang | 0.1-1 | 30.63 | 63.96 | 94.59 | NOTE | |
r-devel-linux-x86_64-debian-gcc | 0.1-1 | 22.41 | 47.22 | 69.63 | NOTE | |
r-devel-linux-x86_64-fedora-clang | 0.1-1 | 185.36 | NOTE | |||
r-devel-linux-x86_64-fedora-gcc | 0.1-1 | 162.93 | NOTE | |||
r-devel-windows-x86_64 | 0.1-1 | 39.00 | 87.00 | 126.00 | NOTE | |
r-patched-linux-x86_64 | 0.1-1 | 29.16 | 61.42 | 90.58 | NOTE | |
r-release-linux-x86_64 | 0.1-1 | 29.78 | 61.04 | 90.82 | NOTE | |
r-release-macos-arm64 | 0.1-1 | 45.00 | NOTE | |||
r-release-macos-x86_64 | 0.1-1 | 73.00 | NOTE | |||
r-release-windows-x86_64 | 0.1-1 | 39.00 | 89.00 | 128.00 | NOTE | |
r-oldrel-macos-arm64 | 0.1-1 | 51.00 | NOTE | |||
r-oldrel-macos-x86_64 | 0.1-1 | 88.00 | NOTE | |||
r-oldrel-windows-x86_64 | 0.1-1 | 34.00 | 103.00 | 137.00 | NOTE |
Version: 0.1-1
Check: LazyData
Result: NOTE
'LazyData' is specified without a 'data' directory
Flavors: r-devel-linux-x86_64-debian-clang, r-devel-linux-x86_64-debian-gcc, r-devel-linux-x86_64-fedora-clang, r-devel-linux-x86_64-fedora-gcc, r-devel-windows-x86_64, r-patched-linux-x86_64, r-release-linux-x86_64, r-release-macos-arm64, r-release-macos-x86_64, r-release-windows-x86_64, r-oldrel-macos-arm64, r-oldrel-macos-x86_64, r-oldrel-windows-x86_64