Last updated on 2024-08-07 00:49:23 CEST.
Flavor | Version | Tinstall | Tcheck | Ttotal | Status | Flags |
---|---|---|---|---|---|---|
r-devel-linux-x86_64-debian-clang | 0.7.2 | 56.13 | 255.84 | 311.97 | OK | |
r-devel-linux-x86_64-debian-gcc | 0.7.2 | 41.09 | 181.90 | 222.99 | OK | |
r-devel-linux-x86_64-fedora-clang | 0.7.2 | 507.72 | NOTE | |||
r-devel-linux-x86_64-fedora-gcc | 0.7.2 | 510.47 | NOTE | |||
r-devel-windows-x86_64 | 0.7.2 | 46.00 | 217.00 | 263.00 | NOTE | |
r-patched-linux-x86_64 | 0.7.2 | 55.37 | 245.88 | 301.25 | OK | |
r-release-linux-x86_64 | 0.7.2 | 53.85 | 248.25 | 302.10 | OK | |
r-release-macos-arm64 | 0.7.2 | 119.00 | NOTE | |||
r-release-macos-x86_64 | 0.7.2 | 184.00 | NOTE | |||
r-release-windows-x86_64 | 0.7.2 | 48.00 | 218.00 | 266.00 | NOTE | |
r-oldrel-macos-arm64 | 0.7.2 | 125.00 | NOTE | |||
r-oldrel-macos-x86_64 | 0.7.2 | 265.00 | NOTE | |||
r-oldrel-windows-x86_64 | 0.7.2 | 59.00 | 278.00 | 337.00 | NOTE |
Version: 0.7.2
Check: installed package size
Result: NOTE
installed size is 5.3Mb
sub-directories of 1Mb or more:
data 4.7Mb
Flavors: r-devel-linux-x86_64-fedora-clang, r-devel-windows-x86_64, r-release-macos-arm64, r-release-macos-x86_64, r-release-windows-x86_64, r-oldrel-macos-arm64, r-oldrel-macos-x86_64, r-oldrel-windows-x86_64
Version: 0.7.2
Check: data for non-ASCII characters
Result: NOTE
Note: found 36 marked UTF-8 strings
Flavors: r-devel-linux-x86_64-fedora-clang, r-devel-linux-x86_64-fedora-gcc