Last updated on 2024-08-07 00:49:23 CEST.
Flavor | Version | Tinstall | Tcheck | Ttotal | Status | Flags |
---|---|---|---|---|---|---|
r-devel-linux-x86_64-debian-clang | 2023.12-4 | 18.52 | 206.05 | 224.57 | NOTE | |
r-devel-linux-x86_64-debian-gcc | 2023.12-4 | 11.02 | 139.90 | 150.92 | NOTE | |
r-devel-linux-x86_64-fedora-clang | 2023.12-4 | 364.40 | OK | |||
r-devel-linux-x86_64-fedora-gcc | 2023.12-4 | 356.65 | OK | |||
r-devel-windows-x86_64 | 2023.12-4 | 21.00 | 247.00 | 268.00 | NOTE | |
r-patched-linux-x86_64 | 2023.12-4 | 18.05 | 196.76 | 214.81 | OK | |
r-release-linux-x86_64 | 2023.12-4 | 15.93 | 196.71 | 212.64 | OK | |
r-release-macos-arm64 | 2023.12-4 | 108.00 | OK | |||
r-release-macos-x86_64 | 2023.12-4 | 198.00 | OK | |||
r-release-windows-x86_64 | 2023.12-4 | 21.00 | 252.00 | 273.00 | OK | |
r-oldrel-macos-arm64 | 2023.12-4 | 121.00 | OK | |||
r-oldrel-macos-x86_64 | 2023.12-4 | 318.00 | OK | |||
r-oldrel-windows-x86_64 | 2023.12-4 | 25.00 | 288.00 | 313.00 | OK |
Version: 2023.12-4
Check: Rd cross-references
Result: NOTE
Found the following Rd file(s) with Rd \link{} targets missing package
anchors:
addtermOld.Rd: addterm.default, dropterm.default
clm.Rd: dropterm, stepAIC
clm.control.Rd: ucminf
ordinal-package.Rd: Matrix
Please provide package anchors for all Rd \link{} targets not in the
package itself and the base packages.
Flavors: r-devel-linux-x86_64-debian-clang, r-devel-linux-x86_64-debian-gcc, r-devel-windows-x86_64