Last updated on 2024-08-07 00:49:23 CEST.
Flavor | Version | Tinstall | Tcheck | Ttotal | Status | Flags |
---|---|---|---|---|---|---|
r-devel-linux-x86_64-debian-clang | 0.6.8 | 189.27 | 98.13 | 287.40 | OK | |
r-devel-linux-x86_64-debian-gcc | 0.6.8 | 132.20 | 83.07 | 215.27 | OK | |
r-devel-linux-x86_64-fedora-clang | 0.6.8 | 547.64 | OK | |||
r-devel-linux-x86_64-fedora-gcc | 0.6.8 | 576.73 | OK | |||
r-devel-windows-x86_64 | 0.6.8 | 195.00 | 121.00 | 316.00 | OK | |
r-patched-linux-x86_64 | 0.6.8 | 175.35 | 94.84 | 270.19 | OK | |
r-release-linux-x86_64 | 0.6.8 | 172.10 | 97.84 | 269.94 | OK | |
r-release-macos-arm64 | 0.6.8 | 146.00 | NOTE | |||
r-release-macos-x86_64 | 0.6.8 | 130.00 | NOTE | |||
r-release-windows-x86_64 | 0.6.8 | 195.00 | 121.00 | 316.00 | OK | |
r-oldrel-macos-arm64 | 0.6.8 | 122.00 | NOTE | |||
r-oldrel-macos-x86_64 | 0.6.8 | 174.00 | NOTE | |||
r-oldrel-windows-x86_64 | 0.6.8 | 225.00 | 142.00 | 367.00 | OK |
Version: 0.6.8
Check: installed package size
Result: NOTE
installed size is 9.5Mb
sub-directories of 1Mb or more:
libs 9.2Mb
Flavors: r-release-macos-arm64, r-release-macos-x86_64, r-oldrel-macos-arm64, r-oldrel-macos-x86_64