Last updated on 2024-08-07 00:49:23 CEST.
Flavor | Version | Tinstall | Tcheck | Ttotal | Status | Flags |
---|---|---|---|---|---|---|
r-devel-linux-x86_64-debian-clang | 1.9.0 | 65.72 | 37.86 | 103.58 | OK | |
r-devel-linux-x86_64-debian-gcc | 1.9.0 | 43.38 | 29.27 | 72.65 | OK | |
r-devel-linux-x86_64-fedora-clang | 1.9.0 | 210.30 | OK | |||
r-devel-linux-x86_64-fedora-gcc | 1.9.0 | 200.28 | OK | |||
r-devel-windows-x86_64 | 1.9.0 | 67.00 | 76.00 | 143.00 | OK | |
r-patched-linux-x86_64 | 1.9.0 | 59.99 | 36.85 | 96.84 | OK | |
r-release-linux-x86_64 | 1.9.0 | 60.20 | 37.06 | 97.26 | OK | |
r-release-macos-arm64 | 1.9.0 | 62.00 | NOTE | |||
r-release-macos-x86_64 | 1.9.0 | 101.00 | NOTE | |||
r-release-windows-x86_64 | 1.9.0 | 65.00 | 77.00 | 142.00 | OK | |
r-oldrel-macos-arm64 | 1.9.0 | 69.00 | NOTE | |||
r-oldrel-macos-x86_64 | 1.9.0 | 141.00 | NOTE | |||
r-oldrel-windows-x86_64 | 1.9.0 | 86.00 | 89.00 | 175.00 | OK |
Version: 1.9.0
Check: installed package size
Result: NOTE
installed size is 6.9Mb
sub-directories of 1Mb or more:
doc 1.1Mb
libs 5.5Mb
Flavors: r-release-macos-arm64, r-release-macos-x86_64, r-oldrel-macos-arm64, r-oldrel-macos-x86_64