Last updated on 2024-08-07 00:49:23 CEST.
Flavor | Version | Tinstall | Tcheck | Ttotal | Status | Flags |
---|---|---|---|---|---|---|
r-devel-linux-x86_64-debian-clang | 1.0.12 | 113.48 | 109.19 | 222.67 | OK | |
r-devel-linux-x86_64-debian-gcc | 1.0.12 | 75.09 | 75.23 | 150.32 | OK | |
r-devel-windows-x86_64 | 1.0.12 | 126.00 | 141.00 | 267.00 | OK | |
r-patched-linux-x86_64 | 1.0.12 | 104.31 | 103.56 | 207.87 | OK | |
r-release-linux-x86_64 | 1.0.12 | 103.89 | 104.60 | 208.49 | OK | |
r-release-macos-arm64 | 1.0.12 | 95.00 | NOTE | |||
r-release-macos-x86_64 | 1.0.12 | 105.00 | NOTE | |||
r-release-windows-x86_64 | 1.0.12 | 127.00 | 143.00 | 270.00 | OK | |
r-oldrel-macos-arm64 | 1.0.12 | 107.00 | NOTE | |||
r-oldrel-macos-x86_64 | 1.0.12 | 153.00 | NOTE | |||
r-oldrel-windows-x86_64 | 1.0.12 | 152.00 | 171.00 | 323.00 | OK |
Version: 1.0.12
Check: package dependencies
Result: NOTE
Packages suggested but not available for checking:
'org.Dr.eg.db', 'org.Mm.eg.db'
Flavor: r-release-macos-arm64
Version: 1.0.12
Check: installed package size
Result: NOTE
installed size is 6.8Mb
sub-directories of 1Mb or more:
libs 5.0Mb
Flavors: r-release-macos-arm64, r-release-macos-x86_64, r-oldrel-macos-arm64, r-oldrel-macos-x86_64
Version: 1.0.12
Check: package dependencies
Result: NOTE
Package suggested but not available for checking: ‘scde’
Flavor: r-oldrel-macos-arm64
Version: 1.0.12
Check: package dependencies
Result: NOTE
Packages suggested but not available for checking:
'org.Dr.eg.db', 'org.Mm.eg.db', 'scde'
Flavor: r-oldrel-macos-x86_64