Last updated on 2024-08-07 00:49:23 CEST.
Flavor | Version | Tinstall | Tcheck | Ttotal | Status | Flags |
---|---|---|---|---|---|---|
r-devel-linux-x86_64-debian-clang | 0.6.5 | 20.26 | 74.79 | 95.05 | NOTE | |
r-devel-linux-x86_64-debian-gcc | 0.6.5 | 14.71 | 53.15 | 67.86 | NOTE | |
r-devel-linux-x86_64-fedora-clang | 0.6.5 | 166.14 | NOTE | |||
r-devel-linux-x86_64-fedora-gcc | 0.6.5 | 168.90 | NOTE | |||
r-devel-windows-x86_64 | 0.6.5 | 24.00 | 123.00 | 147.00 | NOTE | |
r-patched-linux-x86_64 | 0.6.5 | 21.33 | 70.99 | 92.32 | NOTE | |
r-release-linux-x86_64 | 0.6.5 | 20.43 | 71.81 | 92.24 | NOTE | |
r-release-macos-arm64 | 0.6.5 | 58.00 | NOTE | |||
r-release-macos-x86_64 | 0.6.5 | 79.00 | NOTE | |||
r-release-windows-x86_64 | 0.6.5 | 26.00 | 123.00 | 149.00 | NOTE | |
r-oldrel-macos-arm64 | 0.6.5 | 60.00 | OK | |||
r-oldrel-macos-x86_64 | 0.6.5 | 93.00 | OK | |||
r-oldrel-windows-x86_64 | 0.6.5 | 26.00 | 142.00 | 168.00 | OK |
Version: 0.6.5
Check: Rd files
Result: NOTE
checkRd: (-1) Pandoc.convert.Rd:42: Lost braces
42 | Calling John MacFarlane's great program to convert specified file (see \code{f} parameter below) or character vector {see \code{text} paramater} to other formats like \code{HTML}, \code{pdf}, \code{docx}, \code{odt} etc.
| ^
Flavors: r-devel-linux-x86_64-debian-clang, r-devel-linux-x86_64-debian-gcc, r-devel-linux-x86_64-fedora-clang, r-devel-linux-x86_64-fedora-gcc, r-devel-windows-x86_64, r-patched-linux-x86_64, r-release-linux-x86_64, r-release-macos-arm64, r-release-macos-x86_64, r-release-windows-x86_64