Last updated on 2024-08-07 00:49:23 CEST.
Flavor | Version | Tinstall | Tcheck | Ttotal | Status | Flags |
---|---|---|---|---|---|---|
r-devel-linux-x86_64-debian-clang | 0.5.5 | 13.23 | 98.61 | 111.84 | NOTE | |
r-devel-linux-x86_64-debian-gcc | 0.5.5 | 9.33 | 67.92 | 77.25 | NOTE | |
r-devel-linux-x86_64-fedora-clang | 0.5.5 | 183.81 | NOTE | |||
r-devel-linux-x86_64-fedora-gcc | 0.5.5 | 167.11 | NOTE | |||
r-devel-windows-x86_64 | 0.5.5 | 14.00 | 108.00 | 122.00 | NOTE | |
r-patched-linux-x86_64 | 0.5.5 | 12.94 | 93.07 | 106.01 | NOTE | |
r-release-linux-x86_64 | 0.5.5 | 11.78 | 93.30 | 105.08 | NOTE | |
r-release-macos-arm64 | 0.5.5 | 45.00 | OK | |||
r-release-macos-x86_64 | 0.5.5 | 79.00 | OK | |||
r-release-windows-x86_64 | 0.5.5 | 16.00 | 106.00 | 122.00 | NOTE | |
r-oldrel-macos-arm64 | 0.5.5 | 52.00 | OK | |||
r-oldrel-macos-x86_64 | 0.5.5 | 90.00 | OK | |||
r-oldrel-windows-x86_64 | 0.5.5 | 19.00 | 131.00 | 150.00 | OK |
Version: 0.5.5
Check: HTML version of manual
Result: NOTE
Found the following HTML validation problems:
pvargmm.html:141:282 (pvargmm.Rd:79): Warning: trimming empty <p>
Flavors: r-devel-linux-x86_64-debian-clang, r-devel-linux-x86_64-debian-gcc, r-devel-linux-x86_64-fedora-clang, r-devel-linux-x86_64-fedora-gcc, r-devel-windows-x86_64, r-patched-linux-x86_64, r-release-linux-x86_64, r-release-windows-x86_64