Last updated on 2024-08-07 00:49:23 CEST.
Flavor | Version | Tinstall | Tcheck | Ttotal | Status | Flags |
---|---|---|---|---|---|---|
r-devel-linux-x86_64-debian-clang | 1.0.1 | 8.68 | 114.61 | 123.29 | OK | |
r-devel-linux-x86_64-debian-gcc | 1.0.1 | 5.78 | 78.09 | 83.87 | OK | |
r-devel-linux-x86_64-fedora-clang | 1.0.1 | 200.68 | OK | |||
r-devel-linux-x86_64-fedora-gcc | 1.0.1 | 198.83 | OK | |||
r-devel-windows-x86_64 | 1.0.1 | 11.00 | 128.00 | 139.00 | OK | |
r-patched-linux-x86_64 | 1.0.1 | 9.85 | 110.61 | 120.46 | OK | |
r-release-linux-x86_64 | 1.0.1 | 8.10 | 111.64 | 119.74 | OK | |
r-release-macos-arm64 | 1.0.1 | 77.00 | OK | |||
r-release-macos-x86_64 | 1.0.1 | 155.00 | OK | |||
r-release-windows-x86_64 | 1.0.1 | 11.00 | 127.00 | 138.00 | OK | |
r-oldrel-macos-arm64 | 1.0.1 | 74.00 | ERROR | |||
r-oldrel-macos-x86_64 | 1.0.1 | 115.00 | ERROR | |||
r-oldrel-windows-x86_64 | 1.0.1 | 12.00 | 156.00 | 168.00 | OK |
Version: 1.0.1
Check: running R code from vignettes
Result: ERROR
Errors in running code in vignettes:
when running code in ‘indepth.Rmd’
...
$y
[1] 2.5
> ps1$values$x = 1.5
When sourcing ‘indepth.R’:
Error: Assertion on 'xs' failed: x: Must be of type 'single integerish value', not 'double'.
Execution halted
‘indepth.Rmd’ using ‘UTF-8’... failed
Flavors: r-oldrel-macos-arm64, r-oldrel-macos-x86_64