Last updated on 2024-08-07 00:49:23 CEST.
Flavor | Version | Tinstall | Tcheck | Ttotal | Status | Flags |
---|---|---|---|---|---|---|
r-devel-linux-x86_64-debian-clang | 0.2.1 | 65.47 | 226.79 | 292.26 | OK | |
r-devel-linux-x86_64-debian-gcc | 0.2.1 | 47.42 | 166.32 | 213.74 | OK | |
r-devel-linux-x86_64-fedora-clang | 0.2.1 | 523.48 | OK | |||
r-devel-linux-x86_64-fedora-gcc | 0.2.1 | 538.90 | OK | |||
r-devel-windows-x86_64 | 0.2.1 | 79.00 | 281.00 | 360.00 | OK | |
r-patched-linux-x86_64 | 0.2.1 | 66.19 | 217.99 | 284.18 | OK | |
r-release-linux-x86_64 | 0.2.1 | 65.37 | 219.64 | 285.01 | OK | |
r-release-macos-arm64 | 0.2.1 | 153.00 | NOTE | |||
r-release-macos-x86_64 | 0.2.1 | 208.00 | NOTE | |||
r-release-windows-x86_64 | 0.2.1 | 79.00 | 274.00 | 353.00 | OK | |
r-oldrel-macos-arm64 | 0.2.1 | 171.00 | NOTE | |||
r-oldrel-macos-x86_64 | 0.2.1 | 281.00 | NOTE | |||
r-oldrel-windows-x86_64 | 0.2.1 | 93.00 | 328.00 | 421.00 | OK |
Version: 0.2.1
Check: installed package size
Result: NOTE
installed size is 5.8Mb
sub-directories of 1Mb or more:
libs 3.8Mb
Flavors: r-release-macos-arm64, r-release-macos-x86_64, r-oldrel-macos-arm64, r-oldrel-macos-x86_64