Last updated on 2024-08-07 00:49:23 CEST.
Flavor | Version | Tinstall | Tcheck | Ttotal | Status | Flags |
---|---|---|---|---|---|---|
r-devel-linux-x86_64-debian-clang | 0.6.1 | 135.50 | 276.20 | 411.70 | OK | |
r-devel-linux-x86_64-debian-gcc | 0.6.1 | 76.85 | 177.33 | 254.18 | OK | |
r-devel-linux-x86_64-fedora-clang | 0.6.1 | 666.63 | NOTE | |||
r-devel-linux-x86_64-fedora-gcc | 0.6.1 | 608.09 | OK | |||
r-devel-windows-x86_64 | 0.6.1 | 122.00 | 455.00 | 577.00 | NOTE | |
r-patched-linux-x86_64 | 0.6.1 | 149.08 | 259.96 | 409.04 | OK | |
r-release-linux-x86_64 | 0.6.1 | 118.52 | 262.92 | 381.44 | OK | |
r-release-macos-arm64 | 0.6.1 | 146.00 | NOTE | |||
r-release-macos-x86_64 | 0.6.1 | 237.00 | NOTE | |||
r-release-windows-x86_64 | 0.6.1 | 121.00 | 445.00 | 566.00 | NOTE | |
r-oldrel-macos-arm64 | 0.6.1 | 143.00 | NOTE | |||
r-oldrel-macos-x86_64 | 0.6.1 | 273.00 | NOTE | |||
r-oldrel-windows-x86_64 | 0.6.1 | 162.00 | 503.00 | 665.00 | NOTE |
Version: 0.6.1
Check: installed package size
Result: NOTE
installed size is 6.6Mb
sub-directories of 1Mb or more:
R 3.0Mb
help 3.4Mb
Flavors: r-devel-linux-x86_64-fedora-clang, r-devel-windows-x86_64, r-release-macos-arm64, r-release-macos-x86_64, r-release-windows-x86_64, r-oldrel-macos-arm64, r-oldrel-macos-x86_64, r-oldrel-windows-x86_64