Last updated on 2024-08-07 00:49:23 CEST.
Flavor | Version | Tinstall | Tcheck | Ttotal | Status | Flags |
---|---|---|---|---|---|---|
r-devel-linux-x86_64-debian-clang | 0.6.1 | 145.53 | 296.70 | 442.23 | OK | |
r-devel-linux-x86_64-debian-gcc | 0.6.1 | 78.84 | 193.35 | 272.19 | OK | |
r-devel-linux-x86_64-fedora-clang | 0.6.1 | 714.00 | NOTE | |||
r-devel-linux-x86_64-fedora-gcc | 0.6.1 | 649.33 | OK | |||
r-devel-windows-x86_64 | 0.6.1 | 127.00 | 494.00 | 621.00 | NOTE | |
r-patched-linux-x86_64 | 0.6.1 | 158.64 | 279.26 | 437.90 | OK | |
r-release-linux-x86_64 | 0.6.1 | 146.34 | 279.26 | 425.60 | OK | |
r-release-macos-arm64 | 0.6.1 | 163.00 | NOTE | |||
r-release-macos-x86_64 | 0.6.1 | 250.00 | NOTE | |||
r-release-windows-x86_64 | 0.6.1 | 128.00 | 487.00 | 615.00 | NOTE | |
r-oldrel-macos-arm64 | 0.6.1 | 158.00 | NOTE | |||
r-oldrel-macos-x86_64 | 0.6.1 | 293.00 | NOTE | |||
r-oldrel-windows-x86_64 | 0.6.1 | 170.00 | 547.00 | 717.00 | NOTE |
Version: 0.6.1
Check: installed package size
Result: NOTE
installed size is 6.5Mb
sub-directories of 1Mb or more:
R 2.8Mb
help 3.5Mb
Flavors: r-devel-linux-x86_64-fedora-clang, r-devel-windows-x86_64, r-release-macos-arm64, r-release-macos-x86_64, r-release-windows-x86_64, r-oldrel-macos-arm64, r-oldrel-macos-x86_64, r-oldrel-windows-x86_64