Last updated on 2024-08-07 00:49:23 CEST.
Flavor | Version | Tinstall | Tcheck | Ttotal | Status | Flags |
---|---|---|---|---|---|---|
r-devel-linux-x86_64-debian-clang | 0.3-11 | 6.76 | 35.48 | 42.24 | NOTE | |
r-devel-linux-x86_64-debian-gcc | 0.3-11 | 5.30 | 27.35 | 32.65 | NOTE | |
r-devel-linux-x86_64-fedora-clang | 0.3-11 | 69.73 | NOTE | |||
r-devel-linux-x86_64-fedora-gcc | 0.3-11 | 78.48 | NOTE | |||
r-devel-windows-x86_64 | 0.3-11 | 300.00 | 98.00 | 398.00 | NOTE | |
r-patched-linux-x86_64 | 0.3-11 | 7.00 | 34.18 | 41.18 | OK | |
r-release-linux-x86_64 | 0.3-11 | 5.98 | 34.23 | 40.21 | OK | |
r-release-macos-arm64 | 0.3-11 | 34.00 | OK | |||
r-release-macos-x86_64 | 0.3-11 | 60.00 | OK | |||
r-release-windows-x86_64 | 0.3-11 | 301.00 | 96.00 | 397.00 | OK | |
r-oldrel-macos-arm64 | 0.3-11 | 39.00 | OK | |||
r-oldrel-macos-x86_64 | 0.3-11 | 94.00 | OK | |||
r-oldrel-windows-x86_64 | 0.3-11 | 246.00 | 101.00 | 347.00 | OK |
Version: 0.3-11
Check: compiled code
Result: NOTE
File ‘pbdZMQ/libs/pbdZMQ.so’:
Found non-API call to R: ‘LEVELS’
Compiled code should not call non-API entry points in R.
See ‘Writing portable packages’ in the ‘Writing R Extensions’ manual,
and section ‘Moving into C API compliance’ for issues with the use of
non-API entry points.
Flavors: r-devel-linux-x86_64-debian-clang, r-devel-linux-x86_64-debian-gcc, r-devel-linux-x86_64-fedora-clang, r-devel-linux-x86_64-fedora-gcc
Version: 0.3-11
Check: compiled code
Result: NOTE
File 'pbdZMQ/libs/x64/pbdZMQ.dll':
Found non-API call to R: 'LEVELS'
Compiled code should not call non-API entry points in R.
See 'Writing portable packages' in the 'Writing R Extensions' manual,
and section 'Moving into C API compliance' for issues with the use of
non-API entry points.
Flavor: r-devel-windows-x86_64