Last updated on 2024-08-07 00:49:23 CEST.
Flavor | Version | Tinstall | Tcheck | Ttotal | Status | Flags |
---|---|---|---|---|---|---|
r-devel-linux-x86_64-debian-clang | 1.5.4 | 1164.26 | 232.00 | 1396.26 | NOTE | |
r-devel-linux-x86_64-debian-gcc | 1.5.4 | 935.26 | 228.91 | 1164.17 | NOTE | |
r-devel-linux-x86_64-fedora-clang | 1.5.4 | 2114.87 | NOTE | |||
r-devel-linux-x86_64-fedora-gcc | 1.5.4 | 3146.27 | NOTE | |||
r-devel-windows-x86_64 | 1.5.4 | 1002.00 | 353.00 | 1355.00 | NOTE | |
r-patched-linux-x86_64 | 1.5.4 | 1170.36 | 314.65 | 1485.01 | NOTE | |
r-release-linux-x86_64 | 1.5.4 | 1150.97 | 312.07 | 1463.04 | NOTE | |
r-release-macos-arm64 | 1.5.4 | 489.00 | NOTE | |||
r-release-macos-x86_64 | 1.5.4 | 580.00 | NOTE | |||
r-release-windows-x86_64 | 1.5.4 | 1023.00 | 354.00 | 1377.00 | NOTE | |
r-oldrel-macos-arm64 | 1.5.4 | 854.00 | NOTE | |||
r-oldrel-macos-x86_64 | 1.5.4 | 1104.00 | NOTE | |||
r-oldrel-windows-x86_64 | 1.5.4 | 1378.00 | 444.00 | 1822.00 | NOTE |
Version: 1.5.4
Check: for GNU extensions in Makefiles
Result: NOTE
GNU make is a SystemRequirements.
Flavors: r-devel-linux-x86_64-debian-clang, r-devel-linux-x86_64-debian-gcc, r-devel-linux-x86_64-fedora-clang, r-devel-linux-x86_64-fedora-gcc, r-devel-windows-x86_64, r-patched-linux-x86_64, r-release-linux-x86_64, r-release-macos-arm64, r-release-macos-x86_64, r-release-windows-x86_64, r-oldrel-macos-arm64, r-oldrel-macos-x86_64, r-oldrel-windows-x86_64
Version: 1.5.4
Check: installed package size
Result: NOTE
installed size is 15.4Mb
sub-directories of 1Mb or more:
doc 2.9Mb
libs 11.7Mb
Flavors: r-devel-linux-x86_64-fedora-clang, r-devel-windows-x86_64, r-release-macos-arm64, r-release-macos-x86_64, r-release-windows-x86_64, r-oldrel-macos-arm64, r-oldrel-macos-x86_64, r-oldrel-windows-x86_64
Version: 1.5.4
Check: dependencies in R code
Result: NOTE
Namespace in Imports field not imported from: ‘rstantools’
All declared Imports should be used.
Flavors: r-devel-linux-x86_64-fedora-clang, r-devel-linux-x86_64-fedora-gcc