Last updated on 2024-08-07 00:49:23 CEST.
Flavor | Version | Tinstall | Tcheck | Ttotal | Status | Flags |
---|---|---|---|---|---|---|
r-devel-linux-x86_64-debian-clang | 1.0-4 | 5.98 | 45.66 | 51.64 | OK | |
r-devel-linux-x86_64-debian-gcc | 1.0-4 | 4.83 | 32.77 | 37.60 | OK | |
r-devel-linux-x86_64-fedora-clang | 1.0-4 | 89.03 | NOTE | |||
r-devel-linux-x86_64-fedora-gcc | 1.0-4 | 85.99 | OK | |||
r-devel-windows-x86_64 | 1.0-4 | 11.00 | 72.00 | 83.00 | OK | |
r-patched-linux-x86_64 | 1.0-4 | 6.55 | 43.73 | 50.28 | OK | |
r-release-linux-x86_64 | 1.0-4 | 6.98 | 43.87 | 50.85 | OK | |
r-release-macos-arm64 | 1.0-4 | 28.00 | OK | |||
r-release-macos-x86_64 | 1.0-4 | 42.00 | OK | |||
r-release-windows-x86_64 | 1.0-4 | 12.00 | 73.00 | 85.00 | OK | |
r-oldrel-macos-arm64 | 1.0-4 | 29.00 | OK | |||
r-oldrel-macos-x86_64 | 1.0-4 | 47.00 | OK | |||
r-oldrel-windows-x86_64 | 1.0-4 | 13.00 | 78.00 | 91.00 | OK |
Version: 1.0-4
Check: Rd cross-references
Result: NOTE
Undeclared packages ‘sm’, ‘spdep’ in Rd xrefs
Flavor: r-devel-linux-x86_64-fedora-clang