Last updated on 2024-08-07 00:49:23 CEST.
Flavor | Version | Tinstall | Tcheck | Ttotal | Status | Flags |
---|---|---|---|---|---|---|
r-devel-linux-x86_64-debian-clang | 0.4.2 | 4.94 | 104.57 | 109.51 | NOTE | |
r-devel-linux-x86_64-debian-gcc | 0.4.2 | 3.22 | 72.18 | 75.40 | NOTE | |
r-devel-linux-x86_64-fedora-clang | 0.4.2 | 180.23 | NOTE | |||
r-devel-linux-x86_64-fedora-gcc | 0.4.2 | 181.88 | NOTE | |||
r-devel-windows-x86_64 | 0.4.2 | 6.00 | 113.00 | 119.00 | NOTE | |
r-patched-linux-x86_64 | 0.4.2 | 4.85 | 99.59 | 104.44 | NOTE | |
r-release-linux-x86_64 | 0.4.2 | 4.44 | 100.02 | 104.46 | NOTE | |
r-release-macos-arm64 | 0.4.2 | 54.00 | NOTE | |||
r-release-macos-x86_64 | 0.4.2 | 154.00 | NOTE | |||
r-release-windows-x86_64 | 0.4.2 | 7.00 | 112.00 | 119.00 | NOTE | |
r-oldrel-macos-arm64 | 0.4.2 | 57.00 | NOTE | |||
r-oldrel-macos-x86_64 | 0.4.2 | 100.00 | NOTE | |||
r-oldrel-windows-x86_64 | 0.4.2 | 8.00 | 133.00 | 141.00 | NOTE |
Version: 0.4.2
Check: LazyData
Result: NOTE
'LazyData' is specified without a 'data' directory
Flavors: r-devel-linux-x86_64-debian-clang, r-devel-linux-x86_64-debian-gcc, r-devel-linux-x86_64-fedora-clang, r-devel-linux-x86_64-fedora-gcc, r-devel-windows-x86_64, r-patched-linux-x86_64, r-release-linux-x86_64, r-release-macos-arm64, r-release-macos-x86_64, r-release-windows-x86_64, r-oldrel-macos-arm64, r-oldrel-macos-x86_64, r-oldrel-windows-x86_64