Last updated on 2024-08-13 17:48:21 CEST.
Flavor | Version | Tinstall | Tcheck | Ttotal | Status | Flags |
---|---|---|---|---|---|---|
r-devel-linux-x86_64-debian-clang | 0.5.0 | 5.33 | 51.33 | 56.66 | OK | |
r-devel-linux-x86_64-debian-gcc | 0.5.0 | 4.96 | 38.59 | 43.55 | OK | |
r-devel-linux-x86_64-fedora-clang | 0.5.0 | 93.65 | NOTE | |||
r-devel-linux-x86_64-fedora-gcc | 0.5.0 | 87.36 | NOTE | |||
r-devel-windows-x86_64 | 0.5.0 | 8.00 | 68.00 | 76.00 | OK | |
r-patched-linux-x86_64 | 0.5.0 | 6.06 | 49.11 | 55.17 | OK | |
r-release-linux-x86_64 | 0.5.0 | 5.99 | 49.04 | 55.03 | OK | |
r-release-macos-arm64 | 0.5.0 | 30.00 | OK | |||
r-release-macos-x86_64 | 0.5.0 | 45.00 | OK | |||
r-release-windows-x86_64 | 0.5.0 | 8.00 | 67.00 | 75.00 | OK | |
r-oldrel-macos-arm64 | 0.5.0 | 32.00 | OK | |||
r-oldrel-macos-x86_64 | 0.5.0 | 46.00 | OK | |||
r-oldrel-windows-x86_64 | 0.5.0 | 10.00 | 77.00 | 87.00 | OK |
Version: 0.5.0
Check: dependencies in R code
Result: NOTE
Namespace in Imports field not imported from: ‘rms’
All declared Imports should be used.
Flavors: r-devel-linux-x86_64-fedora-clang, r-devel-linux-x86_64-fedora-gcc