Last updated on 2024-08-07 00:49:23 CEST.
Flavor | Version | Tinstall | Tcheck | Ttotal | Status | Flags |
---|---|---|---|---|---|---|
r-devel-linux-x86_64-debian-clang | 0.1.1 | 27.31 | 23.30 | 50.61 | OK | |
r-devel-linux-x86_64-debian-gcc | 0.1.1 | 18.45 | 18.85 | 37.30 | OK | |
r-devel-linux-x86_64-fedora-clang | 0.1.1 | 100.00 | OK | |||
r-devel-linux-x86_64-fedora-gcc | 0.1.1 | 98.74 | OK | |||
r-devel-windows-x86_64 | 0.1.1 | 30.00 | 61.00 | 91.00 | NOTE | |
r-patched-linux-x86_64 | 0.1.1 | 26.02 | 22.39 | 48.41 | OK | |
r-release-linux-x86_64 | 0.1.1 | 26.57 | 22.37 | 48.94 | OK | |
r-release-macos-arm64 | 0.1.1 | 26.00 | OK | |||
r-release-macos-x86_64 | 0.1.1 | 33.00 | OK | |||
r-release-windows-x86_64 | 0.1.1 | 31.00 | 63.00 | 94.00 | NOTE | |
r-oldrel-macos-arm64 | 0.1.1 | 32.00 | OK | |||
r-oldrel-macos-x86_64 | 0.1.1 | 53.00 | OK | |||
r-oldrel-windows-x86_64 | 0.1.1 | 37.00 | 69.00 | 106.00 | NOTE |
Version: 0.1.1
Check: C++ specification
Result: NOTE
Specified C++11: please drop specification unless essential
Flavors: r-devel-windows-x86_64, r-release-windows-x86_64, r-oldrel-windows-x86_64