Last updated on 2024-08-07 00:49:23 CEST.
Flavor | Version | Tinstall | Tcheck | Ttotal | Status | Flags |
---|---|---|---|---|---|---|
r-devel-linux-x86_64-debian-clang | 2.0.0 | 78.37 | 206.96 | 285.33 | OK | |
r-devel-linux-x86_64-debian-gcc | 2.0.0 | 484.17 | 139.58 | 623.75 | OK | |
r-devel-linux-x86_64-fedora-clang | 2.0.0 | 506.04 | OK | |||
r-devel-linux-x86_64-fedora-gcc | 2.0.0 | 597.34 | OK | |||
r-devel-windows-x86_64 | 2.0.0 | 234.00 | 209.00 | 443.00 | OK | |
r-patched-linux-x86_64 | 2.0.0 | 369.42 | 196.28 | 565.70 | OK | |
r-release-linux-x86_64 | 2.0.0 | 363.77 | 199.01 | 562.78 | OK | |
r-release-macos-arm64 | 2.0.0 | 170.00 | NOTE | |||
r-release-macos-x86_64 | 2.0.0 | 206.00 | NOTE | |||
r-release-windows-x86_64 | 2.0.0 | 231.00 | 205.00 | 436.00 | OK | |
r-oldrel-macos-arm64 | 2.0.0 | 183.00 | NOTE | |||
r-oldrel-macos-x86_64 | 2.0.0 | 340.00 | NOTE | |||
r-oldrel-windows-x86_64 | 2.0.0 | 314.00 | 283.00 | 597.00 | OK |
Version: 2.0.0
Check: installed package size
Result: NOTE
installed size is 5.6Mb
sub-directories of 1Mb or more:
libs 3.8Mb
Flavors: r-release-macos-arm64, r-release-macos-x86_64, r-oldrel-macos-arm64, r-oldrel-macos-x86_64