Last updated on 2024-08-07 00:49:23 CEST.
Flavor | Version | Tinstall | Tcheck | Ttotal | Status | Flags |
---|---|---|---|---|---|---|
r-devel-linux-x86_64-debian-clang | 1.0.9 | 7.07 | 54.66 | 61.73 | OK | |
r-devel-linux-x86_64-debian-gcc | 1.0.9 | 6.28 | 39.59 | 45.87 | OK | |
r-devel-linux-x86_64-fedora-clang | 1.0.9 | 108.33 | OK | |||
r-devel-linux-x86_64-fedora-gcc | 1.0.9 | 98.75 | OK | |||
r-devel-windows-x86_64 | 1.0.9 | 11.00 | 67.00 | 78.00 | OK | |
r-patched-linux-x86_64 | 1.0.9 | 8.66 | 51.76 | 60.42 | OK | |
r-release-linux-x86_64 | 1.0.9 | 7.76 | 52.44 | 60.20 | OK | |
r-release-macos-arm64 | 1.0.9 | 28.00 | OK | |||
r-release-macos-x86_64 | 1.0.9 | 46.00 | OK | |||
r-release-windows-x86_64 | 1.0.9 | 10.00 | 68.00 | 78.00 | OK | |
r-oldrel-macos-arm64 | 1.0.9 | 31.00 | OK | |||
r-oldrel-macos-x86_64 | 1.0.9 | 48.00 | NOTE | |||
r-oldrel-windows-x86_64 | 1.0.9 | 13.00 | 77.00 | 90.00 | OK |
Version: 1.0.9
Check: package dependencies
Result: NOTE
Package suggested but not available for checking: ‘BiocParallel’
Flavor: r-oldrel-macos-x86_64