Last updated on 2024-08-07 00:49:24 CEST.
Flavor | Version | Tinstall | Tcheck | Ttotal | Status | Flags |
---|---|---|---|---|---|---|
r-devel-linux-x86_64-debian-clang | 0.1.5 | 3.68 | 36.12 | 39.80 | NOTE | |
r-devel-linux-x86_64-debian-gcc | 0.1.5 | 2.84 | 27.32 | 30.16 | NOTE | |
r-devel-linux-x86_64-fedora-clang | 0.1.5 | 64.75 | NOTE | |||
r-devel-linux-x86_64-fedora-gcc | 0.1.5 | 59.59 | NOTE | |||
r-devel-windows-x86_64 | 0.1.5 | 6.00 | 55.00 | 61.00 | NOTE | |
r-patched-linux-x86_64 | 0.1.5 | 4.34 | 33.99 | 38.33 | NOTE | |
r-release-linux-x86_64 | 0.1.5 | 3.76 | 34.36 | 38.12 | NOTE | |
r-release-macos-arm64 | 0.1.5 | 24.00 | NOTE | |||
r-release-macos-x86_64 | 0.1.5 | 34.00 | NOTE | |||
r-release-windows-x86_64 | 0.1.5 | 6.00 | 55.00 | 61.00 | NOTE | |
r-oldrel-macos-arm64 | 0.1.5 | 25.00 | NOTE | |||
r-oldrel-macos-x86_64 | 0.1.5 | 33.00 | NOTE | |||
r-oldrel-windows-x86_64 | 0.1.5 | 7.00 | 58.00 | 65.00 | NOTE |
Version: 0.1.5
Check: LazyData
Result: NOTE
'LazyData' is specified without a 'data' directory
Flavors: r-devel-linux-x86_64-debian-clang, r-devel-linux-x86_64-debian-gcc, r-devel-linux-x86_64-fedora-clang, r-devel-linux-x86_64-fedora-gcc, r-devel-windows-x86_64, r-patched-linux-x86_64, r-release-linux-x86_64, r-release-macos-arm64, r-release-macos-x86_64, r-release-windows-x86_64, r-oldrel-macos-arm64, r-oldrel-macos-x86_64, r-oldrel-windows-x86_64