Last updated on 2024-08-07 00:49:24 CEST.
Flavor | Version | Tinstall | Tcheck | Ttotal | Status | Flags |
---|---|---|---|---|---|---|
r-devel-linux-x86_64-debian-clang | 1.2.2 | 12.78 | 79.30 | 92.08 | OK | |
r-devel-linux-x86_64-debian-gcc | 1.2.2 | 7.38 | 55.50 | 62.88 | OK | |
r-devel-linux-x86_64-fedora-clang | 1.2.2 | 150.09 | OK | |||
r-devel-linux-x86_64-fedora-gcc | 1.2.2 | 183.77 | OK | |||
r-devel-windows-x86_64 | 1.2.2 | 13.00 | 100.00 | 113.00 | OK | |
r-patched-linux-x86_64 | 1.2.2 | 14.15 | 74.95 | 89.10 | OK | |
r-release-linux-x86_64 | 1.2.2 | 10.89 | 76.73 | 87.62 | OK | |
r-release-macos-arm64 | 1.2.2 | 60.00 | OK | |||
r-release-macos-x86_64 | 1.2.2 | 112.00 | NOTE | |||
r-release-windows-x86_64 | 1.2.2 | 14.00 | 101.00 | 115.00 | OK | |
r-oldrel-macos-arm64 | 1.2.2 | 68.00 | OK | |||
r-oldrel-macos-x86_64 | 1.2.2 | 159.00 | OK | |||
r-oldrel-windows-x86_64 | 1.2.2 | 17.00 | 119.00 | 136.00 | OK |
Version: 1.2.2
Check: package dependencies
Result: NOTE
Package suggested but not available for checking: ‘arrow’
Flavor: r-release-macos-x86_64
Version: 1.2.2
Check: Rd cross-references
Result: NOTE
Package unavailable to check Rd xrefs: ‘arrow’
Flavor: r-release-macos-x86_64