Last updated on 2024-08-07 00:49:24 CEST.
Flavor | Version | Tinstall | Tcheck | Ttotal | Status | Flags |
---|---|---|---|---|---|---|
r-devel-linux-x86_64-debian-clang | 1.2.5.1 | 3.97 | 30.35 | 34.32 | NOTE | |
r-devel-linux-x86_64-debian-gcc | 1.2.5.1 | 2.57 | 22.97 | 25.54 | NOTE | |
r-devel-linux-x86_64-fedora-clang | 1.2.5.1 | 55.18 | NOTE | |||
r-devel-linux-x86_64-fedora-gcc | 1.2.5.1 | 51.45 | NOTE | |||
r-devel-windows-x86_64 | 1.2.5.1 | 6.00 | 53.00 | 59.00 | NOTE | |
r-patched-linux-x86_64 | 1.2.5.1 | 3.76 | 28.78 | 32.54 | NOTE | |
r-release-linux-x86_64 | 1.2.5.1 | 3.34 | 29.22 | 32.56 | NOTE | |
r-release-macos-arm64 | 1.2.5.1 | 24.00 | NOTE | |||
r-release-macos-x86_64 | 1.2.5.1 | 28.00 | NOTE | |||
r-release-windows-x86_64 | 1.2.5.1 | 4.00 | 51.00 | 55.00 | NOTE | |
r-oldrel-macos-arm64 | 1.2.5.1 | 20.00 | OK | |||
r-oldrel-macos-x86_64 | 1.2.5.1 | 30.00 | OK | |||
r-oldrel-windows-x86_64 | 1.2.5.1 | 5.00 | 56.00 | 61.00 | OK |
Version: 1.2.5.1
Check: Rd files
Result: NOTE
checkRd: (-1) ahp.Rd:16: Lost braces; missing escapes or markup?
16 | an ``A'' matrix. It should be a square matrix with diagonal values equal 1 and $a_{ij} = 1/a_{ij}$.
| ^
checkRd: (-1) ahp.Rd:16: Lost braces; missing escapes or markup?
16 | an ``A'' matrix. It should be a square matrix with diagonal values equal 1 and $a_{ij} = 1/a_{ij}$.
| ^
Flavors: r-devel-linux-x86_64-debian-clang, r-devel-linux-x86_64-debian-gcc, r-devel-linux-x86_64-fedora-clang, r-devel-linux-x86_64-fedora-gcc, r-devel-windows-x86_64, r-patched-linux-x86_64, r-release-linux-x86_64, r-release-macos-arm64, r-release-macos-x86_64, r-release-windows-x86_64