Last updated on 2024-08-07 00:49:24 CEST.
Flavor | Version | Tinstall | Tcheck | Ttotal | Status | Flags |
---|---|---|---|---|---|---|
r-devel-linux-x86_64-debian-clang | 1.7 | 3.94 | 33.51 | 37.45 | NOTE | |
r-devel-linux-x86_64-debian-gcc | 1.7 | 2.64 | 26.81 | 29.45 | NOTE | |
r-devel-linux-x86_64-fedora-clang | 1.7 | 62.42 | OK | |||
r-devel-linux-x86_64-fedora-gcc | 1.7 | 71.07 | OK | |||
r-devel-windows-x86_64 | 1.7 | 8.00 | 74.00 | 82.00 | NOTE | |
r-patched-linux-x86_64 | 1.7 | 4.75 | 32.98 | 37.73 | OK | |
r-release-linux-x86_64 | 1.7 | 3.44 | 33.05 | 36.49 | OK | |
r-release-macos-arm64 | 1.7 | 36.00 | OK | |||
r-release-macos-x86_64 | 1.7 | 52.00 | OK | |||
r-release-windows-x86_64 | 1.7 | 8.00 | 75.00 | 83.00 | OK | |
r-oldrel-macos-arm64 | 1.7 | 34.00 | OK | |||
r-oldrel-macos-x86_64 | 1.7 | 54.00 | OK | |||
r-oldrel-windows-x86_64 | 1.7 | 7.00 | 69.00 | 76.00 | OK |
Version: 1.7
Check: Rd cross-references
Result: NOTE
Found the following Rd file(s) with Rd \link{} targets missing package
anchors:
hitrun.Rd: q2q, ConvertGMP, ArithmeticGMP
Please provide package anchors for all Rd \link{} targets not in the
package itself and the base packages.
Flavors: r-devel-linux-x86_64-debian-clang, r-devel-linux-x86_64-debian-gcc, r-devel-windows-x86_64