Last updated on 2024-08-07 00:49:24 CEST.
Flavor | Version | Tinstall | Tcheck | Ttotal | Status | Flags |
---|---|---|---|---|---|---|
r-devel-linux-x86_64-debian-clang | 1.1.6 | 405.21 | 939.02 | 1344.23 | OK | |
r-devel-linux-x86_64-debian-gcc | 1.1.6 | 272.53 | 505.84 | 778.37 | OK | |
r-devel-linux-x86_64-fedora-clang | 1.1.6 | 2762.97 | NOTE | |||
r-devel-linux-x86_64-fedora-gcc | 1.1.6 | 2476.63 | OK | |||
r-devel-windows-x86_64 | 1.1.6 | 436.00 | 594.00 | 1030.00 | NOTE | |
r-patched-linux-x86_64 | 1.1.6 | 393.86 | 873.94 | 1267.80 | OK | |
r-release-linux-x86_64 | 1.1.6 | 355.71 | 874.64 | 1230.35 | OK | |
r-release-macos-arm64 | 1.1.6 | 350.00 | NOTE | |||
r-release-macos-x86_64 | 1.1.6 | 684.00 | NOTE | |||
r-release-windows-x86_64 | 1.1.6 | 378.00 | 583.00 | 961.00 | NOTE | |
r-oldrel-macos-arm64 | 1.1.6 | 347.00 | NOTE | |||
r-oldrel-macos-x86_64 | 1.1.6 | 645.00 | NOTE | |||
r-oldrel-windows-x86_64 | 1.1.6 | 471.00 | 821.00 | 1292.00 | NOTE |
Version: 1.1.6
Check: installed package size
Result: NOTE
installed size is 11.8Mb
sub-directories of 1Mb or more:
R 6.3Mb
data 4.3Mb
Flavors: r-devel-linux-x86_64-fedora-clang, r-devel-windows-x86_64, r-release-macos-arm64, r-release-macos-x86_64, r-release-windows-x86_64, r-oldrel-macos-arm64, r-oldrel-macos-x86_64, r-oldrel-windows-x86_64