Last updated on 2024-08-07 00:49:24 CEST.
Flavor | Version | Tinstall | Tcheck | Ttotal | Status | Flags |
---|---|---|---|---|---|---|
r-devel-linux-x86_64-debian-clang | 1.2.0 | 4.06 | 34.41 | 38.47 | OK | |
r-devel-linux-x86_64-debian-gcc | 1.2.0 | 2.60 | 24.24 | 26.84 | OK | |
r-devel-linux-x86_64-fedora-clang | 1.2.0 | 63.55 | NOTE | |||
r-devel-linux-x86_64-fedora-gcc | 1.2.0 | 57.71 | NOTE | |||
r-devel-windows-x86_64 | 1.2.0 | 6.00 | 57.00 | 63.00 | OK | |
r-patched-linux-x86_64 | 1.2.0 | 4.67 | 32.44 | 37.11 | OK | |
r-release-linux-x86_64 | 1.2.0 | 3.67 | 32.75 | 36.42 | OK | |
r-release-macos-arm64 | 1.2.0 | 22.00 | OK | |||
r-release-macos-x86_64 | 1.2.0 | 31.00 | OK | |||
r-release-windows-x86_64 | 1.2.0 | 7.00 | 64.00 | 71.00 | OK | |
r-oldrel-macos-arm64 | 1.2.0 | 27.00 | OK | |||
r-oldrel-macos-x86_64 | 1.2.0 | 59.00 | OK | |||
r-oldrel-windows-x86_64 | 1.2.0 | 7.00 | 62.00 | 69.00 | OK |
Version: 1.2.0
Check: dependencies in R code
Result: NOTE
Namespaces in Imports field not imported from:
‘bslib’ ‘shinyjs’
All declared Imports should be used.
Flavors: r-devel-linux-x86_64-fedora-clang, r-devel-linux-x86_64-fedora-gcc