Last updated on 2024-08-07 00:49:24 CEST.
Flavor | Version | Tinstall | Tcheck | Ttotal | Status | Flags |
---|---|---|---|---|---|---|
r-devel-linux-x86_64-debian-clang | 2.3-3 | 6.57 | 71.88 | 78.45 | NOTE | |
r-devel-linux-x86_64-debian-gcc | 2.3-3 | 4.32 | 49.48 | 53.80 | NOTE | |
r-devel-linux-x86_64-fedora-clang | 2.3-3 | 132.00 | OK | |||
r-devel-linux-x86_64-fedora-gcc | 2.3-3 | 120.29 | NOTE | |||
r-devel-windows-x86_64 | 2.3-3 | 9.00 | 101.00 | 110.00 | NOTE | |
r-patched-linux-x86_64 | 2.3-3 | 8.24 | 68.34 | 76.58 | OK | |
r-release-linux-x86_64 | 2.3-3 | 6.37 | 69.26 | 75.63 | OK | |
r-release-macos-arm64 | 2.3-3 | 38.00 | OK | |||
r-release-macos-x86_64 | 2.3-3 | 105.00 | OK | |||
r-release-windows-x86_64 | 2.3-3 | 8.00 | 99.00 | 107.00 | OK | |
r-oldrel-macos-arm64 | 2.3-3 | 44.00 | OK | |||
r-oldrel-macos-x86_64 | 2.3-3 | 105.00 | OK | |||
r-oldrel-windows-x86_64 | 2.3-3 | 10.00 | 112.00 | 122.00 | OK |
Version: 2.3-3
Check: Rd cross-references
Result: NOTE
Found the following Rd file(s) with Rd \link{} targets missing package
anchors:
prabclust.Rd: isoMDS, sammon
stressvals.Rd: isoMDS
Please provide package anchors for all Rd \link{} targets not in the
package itself and the base packages.
Flavors: r-devel-linux-x86_64-debian-clang, r-devel-linux-x86_64-debian-gcc, r-devel-windows-x86_64
Version: 2.3-3
Check: differences from ‘prabclus-Ex.Rout’ to ‘prabclus-Ex.Rout.save’
Result: NOTE
2c2
< Package 'mclust' version 6.1.1
---
> Package 'mclust' version 6.0.0
Flavors: r-devel-linux-x86_64-debian-clang, r-devel-linux-x86_64-debian-gcc, r-devel-linux-x86_64-fedora-gcc, r-devel-windows-x86_64