Last updated on 2024-08-07 00:49:24 CEST.
Flavor | Version | Tinstall | Tcheck | Ttotal | Status | Flags |
---|---|---|---|---|---|---|
r-devel-linux-x86_64-debian-clang | 0.0.1 | 8.34 | 36.32 | 44.66 | OK | |
r-devel-linux-x86_64-debian-gcc | 0.0.1 | 6.56 | 28.57 | 35.13 | OK | |
r-devel-linux-x86_64-fedora-clang | 0.0.1 | 71.21 | OK | |||
r-devel-linux-x86_64-fedora-gcc | 0.0.1 | 67.08 | OK | |||
r-devel-windows-x86_64 | 0.0.1 | 9.00 | 61.00 | 70.00 | OK | |
r-patched-linux-x86_64 | 0.0.1 | 8.52 | 35.79 | 44.31 | OK | |
r-release-linux-x86_64 | 0.0.1 | 7.66 | 36.17 | 43.83 | OK | |
r-release-macos-arm64 | 0.0.1 | 29.00 | OK | |||
r-release-macos-x86_64 | 0.0.1 | 42.00 | NOTE | |||
r-release-windows-x86_64 | 0.0.1 | 9.00 | 60.00 | 69.00 | OK | |
r-oldrel-macos-arm64 | 0.0.1 | 31.00 | OK | |||
r-oldrel-macos-x86_64 | 0.0.1 | 47.00 | NOTE | |||
r-oldrel-windows-x86_64 | 0.0.1 | 13.00 | 65.00 | 78.00 | OK |
Version: 0.0.1
Check: installed package size
Result: NOTE
installed size is 5.0Mb
sub-directories of 1Mb or more:
data 4.9Mb
Flavors: r-release-macos-x86_64, r-oldrel-macos-x86_64