Last updated on 2024-08-07 00:49:24 CEST.
Flavor | Version | Tinstall | Tcheck | Ttotal | Status | Flags |
---|---|---|---|---|---|---|
r-devel-linux-x86_64-debian-clang | 0.2.4 | 37.31 | 353.90 | 391.21 | OK | |
r-devel-linux-x86_64-debian-gcc | 0.2.4 | 26.39 | 227.49 | 253.88 | OK | |
r-devel-linux-x86_64-fedora-clang | 0.2.4 | 649.25 | NOTE | |||
r-devel-linux-x86_64-fedora-gcc | 0.2.4 | 588.60 | OK | |||
r-devel-windows-x86_64 | 0.2.4 | 38.00 | 275.00 | 313.00 | NOTE | |
r-patched-linux-x86_64 | 0.2.4 | 40.15 | 334.32 | 374.47 | OK | |
r-release-linux-x86_64 | 0.2.4 | 35.46 | 331.28 | 366.74 | OK | |
r-release-macos-arm64 | 0.2.4 | 136.00 | NOTE | |||
r-release-macos-x86_64 | 0.2.4 | 266.00 | NOTE | |||
r-release-windows-x86_64 | 0.2.4 | 38.00 | 271.00 | 309.00 | NOTE | |
r-oldrel-macos-arm64 | 0.2.4 | 150.00 | NOTE | |||
r-oldrel-macos-x86_64 | 0.2.4 | 311.00 | NOTE | |||
r-oldrel-windows-x86_64 | 0.2.4 | 52.00 | 363.00 | 415.00 | NOTE |
Version: 0.2.4
Check: installed package size
Result: NOTE
installed size is 10.1Mb
sub-directories of 1Mb or more:
extdata 9.7Mb
Flavors: r-devel-linux-x86_64-fedora-clang, r-devel-windows-x86_64, r-release-macos-arm64, r-release-macos-x86_64, r-release-windows-x86_64, r-oldrel-macos-arm64, r-oldrel-macos-x86_64, r-oldrel-windows-x86_64