Last updated on 2024-08-07 00:49:24 CEST.
Flavor | Version | Tinstall | Tcheck | Ttotal | Status | Flags |
---|---|---|---|---|---|---|
r-devel-linux-x86_64-debian-clang | 2.6.1 | 5.87 | 45.40 | 51.27 | OK | |
r-devel-linux-x86_64-debian-gcc | 2.6.1 | 4.66 | 34.83 | 39.49 | OK | |
r-devel-linux-x86_64-fedora-clang | 2.6.1 | 83.39 | NOTE | |||
r-devel-linux-x86_64-fedora-gcc | 2.6.1 | 76.93 | OK | |||
r-devel-windows-x86_64 | 2.6.1 | 8.00 | 65.00 | 73.00 | NOTE | |
r-patched-linux-x86_64 | 2.6.1 | 6.05 | 43.56 | 49.61 | OK | |
r-release-linux-x86_64 | 2.6.1 | 6.18 | 44.05 | 50.23 | OK | |
r-release-macos-arm64 | 2.6.1 | 26.00 | NOTE | |||
r-release-macos-x86_64 | 2.6.1 | 55.00 | NOTE | |||
r-release-windows-x86_64 | 2.6.1 | 8.00 | 65.00 | 73.00 | NOTE | |
r-oldrel-macos-arm64 | 2.6.1 | 34.00 | NOTE | |||
r-oldrel-macos-x86_64 | 2.6.1 | 47.00 | NOTE | |||
r-oldrel-windows-x86_64 | 2.6.1 | 10.00 | 73.00 | 83.00 | NOTE |
Version: 2.6.1
Check: installed package size
Result: NOTE
installed size is 5.6Mb
sub-directories of 1Mb or more:
shinyApp 5.4Mb
Flavors: r-devel-linux-x86_64-fedora-clang, r-devel-windows-x86_64, r-release-macos-arm64, r-release-macos-x86_64, r-release-windows-x86_64, r-oldrel-macos-arm64, r-oldrel-macos-x86_64, r-oldrel-windows-x86_64