Last updated on 2024-08-07 00:49:24 CEST.
Flavor | Version | Tinstall | Tcheck | Ttotal | Status | Flags |
---|---|---|---|---|---|---|
r-devel-linux-x86_64-debian-clang | 0.2.2 | 2.39 | 34.94 | 37.33 | NOTE | |
r-devel-linux-x86_64-debian-gcc | 0.2.2 | 1.78 | 26.85 | 28.63 | NOTE | |
r-devel-linux-x86_64-fedora-clang | 0.2.2 | 63.79 | NOTE | |||
r-devel-linux-x86_64-fedora-gcc | 0.2.2 | 72.78 | NOTE | |||
r-devel-windows-x86_64 | 0.2.2 | 4.00 | 52.00 | 56.00 | NOTE | |
r-patched-linux-x86_64 | 0.2.2 | 2.50 | 33.25 | 35.75 | NOTE | |
r-release-linux-x86_64 | 0.2.2 | 2.06 | 33.75 | 35.81 | NOTE | |
r-release-macos-arm64 | 0.2.2 | 24.00 | NOTE | |||
r-release-macos-x86_64 | 0.2.2 | 36.00 | NOTE | |||
r-release-windows-x86_64 | 0.2.2 | 4.00 | 48.00 | 52.00 | NOTE | |
r-oldrel-macos-arm64 | 0.2.2 | 24.00 | NOTE | |||
r-oldrel-macos-x86_64 | 0.2.2 | 36.00 | NOTE | |||
r-oldrel-windows-x86_64 | 0.2.2 | 4.00 | 53.00 | 57.00 | NOTE |
Version: 0.2.2
Check: LazyData
Result: NOTE
'LazyData' is specified without a 'data' directory
Flavors: r-devel-linux-x86_64-debian-clang, r-devel-linux-x86_64-debian-gcc, r-devel-linux-x86_64-fedora-clang, r-devel-linux-x86_64-fedora-gcc, r-devel-windows-x86_64, r-patched-linux-x86_64, r-release-linux-x86_64, r-release-macos-arm64, r-release-macos-x86_64, r-release-windows-x86_64, r-oldrel-macos-arm64, r-oldrel-macos-x86_64, r-oldrel-windows-x86_64